{"id":1048,"date":"2023-01-02T10:31:38","date_gmt":"2023-01-02T09:31:38","guid":{"rendered":"https:\/\/albert-le-grand.com\/?page_id=1048"},"modified":"2025-10-01T17:02:14","modified_gmt":"2025-10-01T15:02:14","slug":"vie-de-linternat","status":"publish","type":"page","link":"https:\/\/www.albert-le-grand.com\/index.php\/vie-de-linternat\/","title":{"rendered":"Vie de l&rsquo;internat"},"content":{"rendered":"<p>[et_pb_section fb_built=\u00a0\u00bb1&Prime; _builder_version=\u00a0\u00bb4.19.4&Prime; _module_preset=\u00a0\u00bbdefault\u00a0\u00bb custom_padding=\u00a0\u00bb0px||0px||false|false\u00a0\u00bb locked=\u00a0\u00bboff\u00a0\u00bb global_colors_info=\u00a0\u00bb{}\u00a0\u00bb][et_pb_row _builder_version=\u00a0\u00bb4.19.4&Prime; _module_preset=\u00a0\u00bbdefault\u00a0\u00bb width=\u00a0\u00bb100%\u00a0\u00bb max_width=\u00a0\u00bb100%\u00a0\u00bb global_colors_info=\u00a0\u00bb{}\u00a0\u00bb][et_pb_column type=\u00a0\u00bb4_4&Prime; _builder_version=\u00a0\u00bb4.19.4&Prime; _module_preset=\u00a0\u00bbdefault\u00a0\u00bb global_colors_info=\u00a0\u00bb{}\u00a0\u00bb][et_pb_image src=\u00a0\u00bbhttps:\/\/albert-le-grand.com\/wp-content\/uploads\/2023\/01\/bandeau-internat.png\u00a0\u00bb title_text=\u00a0\u00bbbandeau internat\u00a0\u00bb force_fullwidth=\u00a0\u00bbon\u00a0\u00bb _builder_version=\u00a0\u00bb4.19.4&Prime; _module_preset=\u00a0\u00bbdefault\u00a0\u00bb global_colors_info=\u00a0\u00bb{}\u00a0\u00bb][\/et_pb_image][\/et_pb_column][\/et_pb_row][\/et_pb_section][et_pb_section fb_built=\u00a0\u00bb1&Prime; _builder_version=\u00a0\u00bb4.19.4&Prime; _module_preset=\u00a0\u00bbdefault\u00a0\u00bb custom_margin=\u00a0\u00bb0px||0px||false|false\u00a0\u00bb custom_padding=\u00a0\u00bb2px||0px||false|false\u00a0\u00bb global_colors_info=\u00a0\u00bb{}\u00a0\u00bb][et_pb_row _builder_version=\u00a0\u00bb4.19.4&Prime; _module_preset=\u00a0\u00bbdefault\u00a0\u00bb custom_padding=\u00a0\u00bb||0px||false|false\u00a0\u00bb global_colors_info=\u00a0\u00bb{}\u00a0\u00bb][et_pb_column type=\u00a0\u00bb4_4&Prime; _builder_version=\u00a0\u00bb4.19.4&Prime; _module_preset=\u00a0\u00bbdefault\u00a0\u00bb global_colors_info=\u00a0\u00bb{}\u00a0\u00bb][et_pb_text _builder_version=\u00a0\u00bb4.23.4&Prime; _module_preset=\u00a0\u00bbdefault\u00a0\u00bb global_colors_info=\u00a0\u00bb{}\u00a0\u00bb]<\/p>\n<p class=\"p1\" style=\"text-align: center;\"><span class=\"s1\"><b><a href=\"#VivreInternat\">Vivre l\u2019internat<\/a>\u00a0 \u00a0 \u00a0 \u00a0\u00a0<\/b><\/span><b><span class=\"Apple-tab-span\"> <\/span><span class=\"Apple-tab-span\"> <\/span><a href=\"https:\/\/www.albert-le-grand.com\/index.php\/vie-spirituelle-internat\/\">Vie spirituelle<\/a><span class=\"Apple-tab-span\">\u00a0 \u00a0 \u00a0 \u00a0 \u00a0<\/span><span class=\"Apple-tab-span\"><\/span><a href=\"https:\/\/www.albert-le-grand.com\/index.php\/actualites-internat\/\">Actualit\u00e9s<\/a><\/b><\/p>\n<p>[\/et_pb_text][\/et_pb_column][\/et_pb_row][et_pb_row _builder_version=\u00a0\u00bb4.19.4&Prime; _module_preset=\u00a0\u00bbdefault\u00a0\u00bb global_colors_info=\u00a0\u00bb{}\u00a0\u00bb][et_pb_column type=\u00a0\u00bb4_4&Prime; _builder_version=\u00a0\u00bb4.19.4&Prime; _module_preset=\u00a0\u00bbdefault\u00a0\u00bb global_colors_info=\u00a0\u00bb{}\u00a0\u00bb][et_pb_image src=\u00a0\u00bbhttps:\/\/albert-le-grand.com\/wp-content\/uploads\/2022\/12\/bandeau.png\u00a0\u00bb title_text=\u00a0\u00bbbandeau\u00a0\u00bb _builder_version=\u00a0\u00bb4.19.4&Prime; _module_preset=\u00a0\u00bbdefault\u00a0\u00bb custom_margin=\u00a0\u00bb||0px||false|false\u00a0\u00bb custom_padding=\u00a0\u00bb||0px||false|false\u00a0\u00bb global_colors_info=\u00a0\u00bb{}\u00a0\u00bb][\/et_pb_image][\/et_pb_column][\/et_pb_row][\/et_pb_section][et_pb_section fb_built=\u00a0\u00bb1&Prime; _builder_version=\u00a0\u00bb4.19.4&Prime; _module_preset=\u00a0\u00bbdefault\u00a0\u00bb custom_padding=\u00a0\u00bb15px||||false|false\u00a0\u00bb global_colors_info=\u00a0\u00bb{}\u00a0\u00bb][et_pb_row module_id=\u00a0\u00bbVivreInternat\u00a0\u00bb _builder_version=\u00a0\u00bb4.19.4&Prime; _module_preset=\u00a0\u00bbdefault\u00a0\u00bb custom_padding=\u00a0\u00bb0px||0px||false|false\u00a0\u00bb global_colors_info=\u00a0\u00bb{}\u00a0\u00bb][et_pb_column type=\u00a0\u00bb4_4&Prime; _builder_version=\u00a0\u00bb4.19.4&Prime; _module_preset=\u00a0\u00bbdefault\u00a0\u00bb global_colors_info=\u00a0\u00bb{}\u00a0\u00bb][et_pb_text _builder_version=\u00a0\u00bb4.19.4&Prime; _module_preset=\u00a0\u00bbdefault\u00a0\u00bb global_colors_info=\u00a0\u00bb{}\u00a0\u00bb]<\/p>\n<h3>&#8230; Vivre l&rsquo;internat<\/h3>\n<p>[\/et_pb_text][\/et_pb_column][\/et_pb_row][et_pb_row column_structure=\u00a0\u00bb2_3,1_3&Prime; module_id=\u00a0\u00bbProjetPedagogiqueCollege\u00a0\u00bb _builder_version=\u00a0\u00bb4.19.4&Prime; _module_preset=\u00a0\u00bbdefault\u00a0\u00bb global_colors_info=\u00a0\u00bb{}\u00a0\u00bb][et_pb_column type=\u00a0\u00bb2_3&Prime; _builder_version=\u00a0\u00bb4.19.4&Prime; _module_preset=\u00a0\u00bbdefault\u00a0\u00bb global_colors_info=\u00a0\u00bb{}\u00a0\u00bb][et_pb_text _builder_version=\u00a0\u00bb4.19.4&Prime; _module_preset=\u00a0\u00bbdefault\u00a0\u00bb global_colors_info=\u00a0\u00bb{}\u00a0\u00bb]<\/p>\n<h2 class=\"p1\" style=\"text-align: justify;\"><b>Cadre de vie \u00e0 l\u2019internat<\/b><\/h2>\n<p class=\"p1\" style=\"text-align: justify;\"><b><\/b><\/p>\n<p class=\"p1\" style=\"text-align: justify;\">\u00ab A l\u2019internat, on conna\u00eet l\u2019\u00e9l\u00e8ve en tant que personne \u00bb<\/p>\n<p class=\"p2\" style=\"text-align: justify;\">\n<p class=\"p3\" style=\"text-align: justify;\">L\u2019internat est un lieu \u00e9ducatif privil\u00e9gi\u00e9 pour socialiser, proposer un cadre de travail r\u00e9gulier, dans une ambiance de travail studieuse. La vie en internat favorise l\u2019apprentissage de l\u2019autonomie, initie \u00e0 la prise de responsabilit\u00e9, permet de rentrer en relation avec les autres.<\/p>\n<p class=\"p3\" style=\"text-align: justify;\">Nous cherchons \u00e0 offrir des conditions de vie et d\u2019\u00e9tude favorables \u00e0 l\u2019am\u00e9lioration des r\u00e9sultats et \u00e0 l\u2019\u00e9panouissement personnel des jeunes. Un environnement studieux permet \u00e0 chacun d\u2019\u00e9voluer dans sa mani\u00e8re de travailler, d\u2019atteindre un meilleur niveau en s\u2019impliquant dans sa r\u00e9ussite scolaire par des efforts r\u00e9guliers et volontaires.<\/p>\n<p class=\"p3\" style=\"text-align: justify;\">Pour \u00eatre efficace, l\u2019internat doit s\u2019inscrire dans une d\u00e9marche volontaire et \u00eatre accept\u00e9 avec ses obligations et ses r\u00e8gles.<\/p>\n<p class=\"p3\" style=\"text-align: justify;\">La vie de l\u2019internat est fond\u00e9e sur le r\u00e8glement g\u00e9n\u00e9ral de l\u2019Etablissement. Il doit permettre \u00e0 chacun de s\u2019\u00e9panouir dans le respect d\u2019autrui et de l\u2019environnement.<\/p>\n<h4 class=\"p4\" style=\"text-align: justify;\"><b>Organisation du temps d\u2019internat :<\/b><\/h4>\n<p class=\"p3\" style=\"text-align: justify;\">Celui-ci d\u00e9bute d\u00e8s la sortie des cours \u00e0 17h30 et se termine \u00e0 7h45 le lendemain matin. Il est sous la responsabilit\u00e9 du chef d\u2019\u00e9tablissement et du responsable d\u2019internat.<\/p>\n<p class=\"p3\" style=\"text-align: justify;\">Il s\u2019organise dans l\u2019\u00e9tablissement autour d\u2019activit\u00e9s obligatoires (\u00e9tudes, repas, douche) et de temps libres encadr\u00e9s.<\/p>\n<p class=\"p3\" style=\"text-align: justify;\">D\u00e8s la sortie des cours \u00e0 17h30 et jusqu\u2019\u00e0 18h00 : temps de r\u00e9cr\u00e9ation et go\u00fbter. Apr\u00e8s une journ\u00e9e de cours, les lyc\u00e9ens internes autoris\u00e9s peuvent sortir jusqu\u2019\u00e0 17h55.<\/p>\n<h4 class=\"p1\" style=\"text-align: justify;\"><b>Repas :<\/b><\/h4>\n<p class=\"p2\" style=\"text-align: justify;\">Les jeunes sont accueillis au self \u00e0 partir de 19h00 pour le d\u00eener, et 7h10 pour le petit-d\u00e9jeuner.<\/p>\n<p class=\"p2\" style=\"text-align: justify;\">La nourriture servie est \u00e0 consommer sur place. Des repas \u00e0 th\u00e8mes seront propos\u00e9s durant l\u2019ann\u00e9e. Le repas doit se d\u00e9rouler dans le calme.<\/p>\n<h4 class=\"p1\" style=\"text-align: justify;\"><b>Chambres :<\/b><\/h4>\n<p class=\"p2\" style=\"text-align: justify;\">Elles sont ouvertes de 19h45 \u00e0 7h30 le lendemain matin. C\u2019est le lieu par excellence de la vie en commun mais il est imp\u00e9ratif que chaque interne respecte l\u2019espace personnel des autres internes ainsi que le mat\u00e9riel mis \u00e0 sa disposition (literie, casier, etc.).<\/p>\n<p>[\/et_pb_text][et_pb_text _builder_version=\u00a0\u00bb4.27.4&Prime; _module_preset=\u00a0\u00bbdefault\u00a0\u00bb hover_enabled=\u00a0\u00bb0&Prime; sticky_enabled=\u00a0\u00bb0&Prime;]<\/p>\n<p><a href=\"https:\/\/www.albert-le-grand.com\/wp-content\/uploads\/2025\/10\/Reglement-interieur-internat-2025-2026-College.pdf\">R\u00e8glement de l&rsquo;internat du coll\u00e8ge<\/a><\/p>\n<p><a href=\"https:\/\/www.albert-le-grand.com\/wp-content\/uploads\/2025\/10\/Reglement-interieur-internat-2025-2026-Lycee.pdf\">R\u00e8glement de l&rsquo;internat du lyc\u00e9e<\/a><\/p>\n<p>[\/et_pb_text][\/et_pb_column][et_pb_column type=\u00a0\u00bb1_3&Prime; _builder_version=\u00a0\u00bb4.19.4&Prime; _module_preset=\u00a0\u00bbdefault\u00a0\u00bb background_color=\u00a0\u00bbrgba(243,146,0,0.33)\u00a0\u00bb custom_padding=\u00a0\u00bb20px||20px||false|false\u00a0\u00bb global_colors_info=\u00a0\u00bb{}\u00a0\u00bb][et_pb_image src=\u00a0\u00bbhttps:\/\/albert-le-grand.com\/wp-content\/uploads\/2023\/01\/Internat1.png\u00a0\u00bb title_text=\u00a0\u00bbInternat1&Prime; align=\u00a0\u00bbcenter\u00a0\u00bb _builder_version=\u00a0\u00bb4.19.4&Prime; _module_preset=\u00a0\u00bbdefault\u00a0\u00bb width=\u00a0\u00bb76%\u00a0\u00bb custom_margin=\u00a0\u00bb||0px||false|false\u00a0\u00bb custom_padding=\u00a0\u00bb||0px||false|false\u00a0\u00bb global_colors_info=\u00a0\u00bb{}\u00a0\u00bb][\/et_pb_image][et_pb_text _builder_version=\u00a0\u00bb4.27.4&Prime; _module_preset=\u00a0\u00bbdefault\u00a0\u00bb background_enable_color=\u00a0\u00bboff\u00a0\u00bb hover_enabled=\u00a0\u00bb0&Prime; global_colors_info=\u00a0\u00bb{}\u00a0\u00bb sticky_enabled=\u00a0\u00bb0&Prime;]<\/p>\n<p class=\"p1\" style=\"text-align: center;\"><b>16h00 :<br \/><\/b>Go\u00fbter<\/p>\n<p class=\"p1\" style=\"text-align: center;\"><b>17h30-17h55 :<span class=\"Apple-converted-space\"><br \/><\/span><\/b>R\u00e9cr\u00e9ation &#8211; Go\u00fbter<\/p>\n<p class=\"p1\" style=\"text-align: center;\"><b>18h00-19h00\/19h15\/19h30<br \/><\/b>Etude du soir<\/p>\n<p class=\"p1\" style=\"text-align: center;\"><b>19h00-20h00<br \/><\/b>Repas &#8211; R\u00e9cr\u00e9ation<\/p>\n<p class=\"p1\" style=\"text-align: center;\"><b>19h45-20h45<br \/><\/b>Mont\u00e9e libre dans les internats<\/p>\n<p class=\"p1\" style=\"text-align: center;\"><b>20h45<br \/><\/b>Mont\u00e9e d\u00e9finitive en internat : Douche \/ Repos \/ Tisane<\/p>\n<p class=\"p1\" style=\"text-align: center;\"><b>21h15\/21h45<br \/><\/b>R\u00e9cup\u00e9ration des t\u00e9l\u00e9phones coll\u00e8ge\/extinction coll\u00e8ge<\/p>\n<p class=\"p1\" style=\"text-align: center;\"><b>22h00\/22h15\/22h30<br \/><\/b>Extinction apr\u00e8s r\u00e9cup\u00e9ration des t\u00e9l\u00e9phones 2nde\/1\u00e8re\/Terminale<\/p>\n<p class=\"p1\" style=\"text-align: center;\"><b>06h45<br \/><\/b>R\u00e9veil<\/p>\n<p class=\"p1\" style=\"text-align: center;\"><b>07h05<br \/><\/b>D\u00e9but du Petit D\u00e9jeuner<\/p>\n<p class=\"p1\" style=\"text-align: center;\"><b>07h30<br \/><\/b>Fermeture des Internats<\/p>\n<p>[\/et_pb_text][\/et_pb_column][\/et_pb_row][et_pb_row column_structure=\u00a0\u00bb1_3,1_3,1_3&Prime; _builder_version=\u00a0\u00bb4.19.4&Prime; _module_preset=\u00a0\u00bbdefault\u00a0\u00bb global_colors_info=\u00a0\u00bb{}\u00a0\u00bb][et_pb_column type=\u00a0\u00bb1_3&Prime; _builder_version=\u00a0\u00bb4.19.4&Prime; _module_preset=\u00a0\u00bbdefault\u00a0\u00bb global_colors_info=\u00a0\u00bb{}\u00a0\u00bb][et_pb_image src=\u00a0\u00bbhttps:\/\/albert-le-grand.com\/wp-content\/uploads\/2023\/01\/Internat2.png\u00a0\u00bb title_text=\u00a0\u00bbInternat2&Prime; _builder_version=\u00a0\u00bb4.19.4&Prime; _module_preset=\u00a0\u00bbdefault\u00a0\u00bb global_colors_info=\u00a0\u00bb{}\u00a0\u00bb][\/et_pb_image][\/et_pb_column][et_pb_column type=\u00a0\u00bb1_3&Prime; _builder_version=\u00a0\u00bb4.19.4&Prime; _module_preset=\u00a0\u00bbdefault\u00a0\u00bb global_colors_info=\u00a0\u00bb{}\u00a0\u00bb][et_pb_image src=\u00a0\u00bbhttps:\/\/albert-le-grand.com\/wp-content\/uploads\/2023\/01\/Internat3.png\u00a0\u00bb title_text=\u00a0\u00bbInternat3&Prime; _builder_version=\u00a0\u00bb4.19.4&Prime; _module_preset=\u00a0\u00bbdefault\u00a0\u00bb global_colors_info=\u00a0\u00bb{}\u00a0\u00bb][\/et_pb_image][\/et_pb_column][et_pb_column type=\u00a0\u00bb1_3&Prime; _builder_version=\u00a0\u00bb4.19.4&Prime; _module_preset=\u00a0\u00bbdefault\u00a0\u00bb global_colors_info=\u00a0\u00bb{}\u00a0\u00bb][et_pb_image src=\u00a0\u00bbhttps:\/\/albert-le-grand.com\/wp-content\/uploads\/2023\/01\/Internat4.png\u00a0\u00bb title_text=\u00a0\u00bbInternat4&Prime; _builder_version=\u00a0\u00bb4.19.4&Prime; _module_preset=\u00a0\u00bbdefault\u00a0\u00bb global_colors_info=\u00a0\u00bb{}\u00a0\u00bb][\/et_pb_image][\/et_pb_column][\/et_pb_row][et_pb_row column_structure=\u00a0\u00bb1_3,1_3,1_3&Prime; _builder_version=\u00a0\u00bb4.19.4&Prime; _module_preset=\u00a0\u00bbdefault\u00a0\u00bb global_colors_info=\u00a0\u00bb{}\u00a0\u00bb][et_pb_column type=\u00a0\u00bb1_3&Prime; _builder_version=\u00a0\u00bb4.19.4&Prime; _module_preset=\u00a0\u00bbdefault\u00a0\u00bb global_colors_info=\u00a0\u00bb{}\u00a0\u00bb][et_pb_image src=\u00a0\u00bbhttps:\/\/albert-le-grand.com\/wp-content\/uploads\/2023\/01\/Internat5.png\u00a0\u00bb title_text=\u00a0\u00bbInternat5&Prime; _builder_version=\u00a0\u00bb4.19.4&Prime; _module_preset=\u00a0\u00bbdefault\u00a0\u00bb global_colors_info=\u00a0\u00bb{}\u00a0\u00bb][\/et_pb_image][\/et_pb_column][et_pb_column type=\u00a0\u00bb1_3&Prime; _builder_version=\u00a0\u00bb4.19.4&Prime; _module_preset=\u00a0\u00bbdefault\u00a0\u00bb global_colors_info=\u00a0\u00bb{}\u00a0\u00bb][et_pb_image src=\u00a0\u00bbhttps:\/\/albert-le-grand.com\/wp-content\/uploads\/2023\/01\/Internat6.png\u00a0\u00bb title_text=\u00a0\u00bbInternat6&Prime; _builder_version=\u00a0\u00bb4.19.4&Prime; _module_preset=\u00a0\u00bbdefault\u00a0\u00bb global_colors_info=\u00a0\u00bb{}\u00a0\u00bb][\/et_pb_image][\/et_pb_column][et_pb_column type=\u00a0\u00bb1_3&Prime; _builder_version=\u00a0\u00bb4.19.4&Prime; _module_preset=\u00a0\u00bbdefault\u00a0\u00bb global_colors_info=\u00a0\u00bb{}\u00a0\u00bb][et_pb_text _builder_version=\u00a0\u00bb4.19.4&Prime; _module_preset=\u00a0\u00bbdefault\u00a0\u00bb global_colors_info=\u00a0\u00bb{}\u00a0\u00bb]<\/p>\n<h4 class=\"p1\" style=\"text-align: justify;\"><b>Etudes :<\/b><\/h4>\n<p class=\"p2\" style=\"text-align: justify;\">Les \u00e9l\u00e8ves sont en salle d\u2019\u00e9tude \u00e0 18h00 sous la surveillance d\u2019un adulte. Ce temps d\u2019\u00e9tude personnel se d\u00e9roule dans un climat de silence favorable au travail pour tous les internes. Des dictionnaires sont mis \u00e0 disposition des \u00e9l\u00e8ves. L\u2019acc\u00e8s \u00e0 Internet pour travailler est autoris\u00e9 au CDI. Aucun retard ni oubli de mat\u00e9riel ne sera excus\u00e9 pour l\u2019\u00e9tude.<\/p>\n<p class=\"p2\" style=\"text-align: justify;\">Un second temps d\u2019\u00e9tude facultatif d\u00e9bute apr\u00e8s le repas. Ce moment permet aux \u00e9l\u00e8ves de travailler \u00e0 plusieurs, de se faire aider, de revoir leurs cours..<\/p>\n<p>[\/et_pb_text][\/et_pb_column][\/et_pb_row][\/et_pb_section]<\/p>\n","protected":false},"excerpt":{"rendered":"<p>Vivre l\u2019internat\u00a0 \u00a0 \u00a0 \u00a0\u00a0 Vie spirituelle\u00a0 \u00a0 \u00a0 \u00a0 \u00a0Actualit\u00e9s&#8230; Vivre l&rsquo;internatCadre de vie \u00e0 l\u2019internat \u00ab A l\u2019internat, on conna\u00eet l\u2019\u00e9l\u00e8ve en tant que personne \u00bb L\u2019internat est un lieu \u00e9ducatif privil\u00e9gi\u00e9 pour socialiser, proposer un cadre de travail r\u00e9gulier, dans une ambiance de travail studieuse. La vie en internat favorise l\u2019apprentissage de [&hellip;]<\/p>\n","protected":false},"author":1,"featured_media":0,"parent":0,"menu_order":0,"comment_status":"closed","ping_status":"closed","template":"","meta":{"_et_pb_use_builder":"on","_et_pb_old_content":"<!-- wp:divi\/placeholder \/-->","_et_gb_content_width":"","footnotes":""},"class_list":["post-1048","page","type-page","status-publish","hentry"],"_links":{"self":[{"href":"https:\/\/www.albert-le-grand.com\/index.php\/wp-json\/wp\/v2\/pages\/1048","targetHints":{"allow":["GET"]}}],"collection":[{"href":"https:\/\/www.albert-le-grand.com\/index.php\/wp-json\/wp\/v2\/pages"}],"about":[{"href":"https:\/\/www.albert-le-grand.com\/index.php\/wp-json\/wp\/v2\/types\/page"}],"author":[{"embeddable":true,"href":"https:\/\/www.albert-le-grand.com\/index.php\/wp-json\/wp\/v2\/users\/1"}],"replies":[{"embeddable":true,"href":"https:\/\/www.albert-le-grand.com\/index.php\/wp-json\/wp\/v2\/comments?post=1048"}],"version-history":[{"count":17,"href":"https:\/\/www.albert-le-grand.com\/index.php\/wp-json\/wp\/v2\/pages\/1048\/revisions"}],"predecessor-version":[{"id":2634,"href":"https:\/\/www.albert-le-grand.com\/index.php\/wp-json\/wp\/v2\/pages\/1048\/revisions\/2634"}],"wp:attachment":[{"href":"https:\/\/www.albert-le-grand.com\/index.php\/wp-json\/wp\/v2\/media?parent=1048"}],"curies":[{"name":"wp","href":"https:\/\/api.w.org\/{rel}","templated":true}]}}