{"id":1364,"date":"2023-01-19T17:57:44","date_gmt":"2023-01-19T16:57:44","guid":{"rendered":"https:\/\/albert-le-grand.com\/?page_id=1364"},"modified":"2026-03-17T16:23:29","modified_gmt":"2026-03-17T15:23:29","slug":"apel-2","status":"publish","type":"page","link":"https:\/\/www.albert-le-grand.com\/index.php\/apel-2\/","title":{"rendered":"APEL"},"content":{"rendered":"<p>[et_pb_section fb_built=\u00a0\u00bb1&Prime; _builder_version=\u00a0\u00bb4.19.4&Prime; _module_preset=\u00a0\u00bbdefault\u00a0\u00bb custom_padding=\u00a0\u00bb0px||0px||false|false\u00a0\u00bb global_colors_info=\u00a0\u00bb{}\u00a0\u00bb][et_pb_row _builder_version=\u00a0\u00bb4.19.4&Prime; _module_preset=\u00a0\u00bbdefault\u00a0\u00bb width=\u00a0\u00bb100%\u00a0\u00bb max_width=\u00a0\u00bb100%\u00a0\u00bb global_colors_info=\u00a0\u00bb{}\u00a0\u00bb][et_pb_column type=\u00a0\u00bb4_4&Prime; _builder_version=\u00a0\u00bb4.19.4&Prime; _module_preset=\u00a0\u00bbdefault\u00a0\u00bb global_colors_info=\u00a0\u00bb{}\u00a0\u00bb][et_pb_image src=\u00a0\u00bbhttps:\/\/albert-le-grand.com\/wp-content\/uploads\/2022\/12\/bandeau.png\u00a0\u00bb title_text=\u00a0\u00bbbandeau\u00a0\u00bb force_fullwidth=\u00a0\u00bbon\u00a0\u00bb _builder_version=\u00a0\u00bb4.19.4&Prime; _module_preset=\u00a0\u00bbdefault\u00a0\u00bb global_colors_info=\u00a0\u00bb{}\u00a0\u00bb][\/et_pb_image][\/et_pb_column][\/et_pb_row][\/et_pb_section][et_pb_section fb_built=\u00a0\u00bb1&Prime; _builder_version=\u00a0\u00bb4.19.4&Prime; _module_preset=\u00a0\u00bbdefault\u00a0\u00bb custom_margin=\u00a0\u00bb0px||0px||false|false\u00a0\u00bb custom_padding=\u00a0\u00bb2px||0px||false|false\u00a0\u00bb global_colors_info=\u00a0\u00bb{}\u00a0\u00bb][et_pb_row column_structure=\u00a0\u00bb2_5,3_5&Prime; _builder_version=\u00a0\u00bb4.19.4&Prime; _module_preset=\u00a0\u00bbdefault\u00a0\u00bb global_colors_info=\u00a0\u00bb{}\u00a0\u00bb][et_pb_column type=\u00a0\u00bb2_5&Prime; _builder_version=\u00a0\u00bb4.19.4&Prime; _module_preset=\u00a0\u00bbdefault\u00a0\u00bb global_colors_info=\u00a0\u00bb{}\u00a0\u00bb][et_pb_image src=\u00a0\u00bbhttps:\/\/albert-le-grand.com\/wp-content\/uploads\/2023\/01\/Logo-apel.png\u00a0\u00bb title_text=\u00a0\u00bbLogo apel\u00a0\u00bb _builder_version=\u00a0\u00bb4.19.4&Prime; _module_preset=\u00a0\u00bbdefault\u00a0\u00bb global_colors_info=\u00a0\u00bb{}\u00a0\u00bb][\/et_pb_image][\/et_pb_column][et_pb_column type=\u00a0\u00bb3_5&Prime; _builder_version=\u00a0\u00bb4.19.4&Prime; _module_preset=\u00a0\u00bbdefault\u00a0\u00bb global_colors_info=\u00a0\u00bb{}\u00a0\u00bb][et_pb_text _builder_version=\u00a0\u00bb4.19.4&Prime; _module_preset=\u00a0\u00bbdefault\u00a0\u00bb global_colors_info=\u00a0\u00bb{}\u00a0\u00bb]<\/p>\n<h1 class=\"p1\" style=\"text-align: justify;\"><strong>Qui sommes-nous ?<\/strong><\/h1>\n<p class=\"p2\" style=\"text-align: justify;\">\n<p class=\"p3\" style=\"text-align: justify;\">Une APEL engag\u00e9e au service des familles et des \u00e9l\u00e8ves de l\u2019\u00e9tablissement.<span class=\"Apple-converted-space\">\u00a0<\/span><\/p>\n<p class=\"p4\" style=\"text-align: justify;\">\n<p class=\"p5\" style=\"text-align: justify;\">L\u2019Association de Parents d\u2019\u00c9l\u00e8ves de l\u2019\u00c9cole Libre a la responsabilit\u00e9 de repr\u00e9senter les parents, au sein des \u00e9tablissements comme aupr\u00e8s des responsables de l&rsquo;Institution scolaire et des pouvoirs publics. Elle a un r\u00f4le d\u2019accueil, d\u2019animation, d\u2019information et de conseil.<\/p>\n<p class=\"p4\" style=\"text-align: justify;\">\n<p class=\"p5\" style=\"text-align: justify;\">L\u2019APEL d\u2019Albert Le Grand est compos\u00e9e d\u2019un conseil d\u2019administration de 15 membres avec un bureau de 6 membres. Tout au long de l\u2019ann\u00e9e, nous organisons des \u00e9v\u00e8nements afin de faire vivre et f\u00e9d\u00e9rer la communaut\u00e9 de l\u2019\u00e9tablissement et pour financer des projets au b\u00e9n\u00e9fice des \u00e9l\u00e8ves.<\/p>\n<p class=\"p4\" style=\"text-align: justify;\">\n<p class=\"p5\" style=\"text-align: justify;\">Votre cotisation, les b\u00e9n\u00e9fices r\u00e9alis\u00e9s lors du March\u00e9 de No\u00ebl, de la Kermesse ou du loto, des op\u00e9rations comme les chocolats de P\u00e2ques, la vente de vin, etc\u2026 servent \u00e0 financer ces projets.<\/p>\n<p>[\/et_pb_text][\/et_pb_column][\/et_pb_row][et_pb_row column_structure=\u00a0\u00bb1_3,1_3,1_3&Prime; _builder_version=\u00a0\u00bb4.19.4&Prime; _module_preset=\u00a0\u00bbdefault\u00a0\u00bb global_colors_info=\u00a0\u00bb{}\u00a0\u00bb][et_pb_column type=\u00a0\u00bb1_3&Prime; _builder_version=\u00a0\u00bb4.19.4&Prime; _module_preset=\u00a0\u00bbdefault\u00a0\u00bb global_colors_info=\u00a0\u00bb{}\u00a0\u00bb][et_pb_image src=\u00a0\u00bbhttps:\/\/albert-le-grand.com\/wp-content\/uploads\/2023\/01\/Equipe4.jpg\u00a0\u00bb title_text=\u00a0\u00bbEquipe4&Prime; _builder_version=\u00a0\u00bb4.19.4&Prime; _module_preset=\u00a0\u00bbdefault\u00a0\u00bb global_colors_info=\u00a0\u00bb{}\u00a0\u00bb][\/et_pb_image][et_pb_image src=\u00a0\u00bbhttps:\/\/albert-le-grand.com\/wp-content\/uploads\/2023\/01\/Equipe1.jpeg\u00a0\u00bb title_text=\u00a0\u00bbEquipe1&Prime; _builder_version=\u00a0\u00bb4.19.4&Prime; _module_preset=\u00a0\u00bbdefault\u00a0\u00bb global_colors_info=\u00a0\u00bb{}\u00a0\u00bb][\/et_pb_image][\/et_pb_column][et_pb_column type=\u00a0\u00bb1_3&Prime; _builder_version=\u00a0\u00bb4.19.4&Prime; _module_preset=\u00a0\u00bbdefault\u00a0\u00bb global_colors_info=\u00a0\u00bb{}\u00a0\u00bb][et_pb_image src=\u00a0\u00bbhttps:\/\/albert-le-grand.com\/wp-content\/uploads\/2023\/01\/Equipe3.jpg\u00a0\u00bb title_text=\u00a0\u00bbEquipe3&Prime; _builder_version=\u00a0\u00bb4.19.4&Prime; _module_preset=\u00a0\u00bbdefault\u00a0\u00bb global_colors_info=\u00a0\u00bb{}\u00a0\u00bb][\/et_pb_image][et_pb_image src=\u00a0\u00bbhttps:\/\/albert-le-grand.com\/wp-content\/uploads\/2023\/01\/Equipe5.jpg\u00a0\u00bb title_text=\u00a0\u00bbEquipe5&Prime; _builder_version=\u00a0\u00bb4.19.4&Prime; _module_preset=\u00a0\u00bbdefault\u00a0\u00bb global_colors_info=\u00a0\u00bb{}\u00a0\u00bb][\/et_pb_image][\/et_pb_column][et_pb_column type=\u00a0\u00bb1_3&Prime; _builder_version=\u00a0\u00bb4.19.4&Prime; _module_preset=\u00a0\u00bbdefault\u00a0\u00bb global_colors_info=\u00a0\u00bb{}\u00a0\u00bb][et_pb_image src=\u00a0\u00bbhttps:\/\/albert-le-grand.com\/wp-content\/uploads\/2023\/01\/Equipe2.jpg\u00a0\u00bb title_text=\u00a0\u00bbEquipe2&Prime; _builder_version=\u00a0\u00bb4.19.4&Prime; _module_preset=\u00a0\u00bbdefault\u00a0\u00bb global_colors_info=\u00a0\u00bb{}\u00a0\u00bb][\/et_pb_image][et_pb_image src=\u00a0\u00bbhttps:\/\/albert-le-grand.com\/wp-content\/uploads\/2023\/01\/Equipe6.jpg\u00a0\u00bb title_text=\u00a0\u00bbEquipe6&Prime; _builder_version=\u00a0\u00bb4.19.4&Prime; _module_preset=\u00a0\u00bbdefault\u00a0\u00bb global_colors_info=\u00a0\u00bb{}\u00a0\u00bb][\/et_pb_image][\/et_pb_column][\/et_pb_row][\/et_pb_section][et_pb_section fb_built=\u00a0\u00bb1&Prime; _builder_version=\u00a0\u00bb4.19.4&Prime; _module_preset=\u00a0\u00bbdefault\u00a0\u00bb background_color=\u00a0\u00bbrgba(29,180,175,0.29)\u00a0\u00bb custom_padding=\u00a0\u00bb20px||20px||false|false\u00a0\u00bb global_colors_info=\u00a0\u00bb{}\u00a0\u00bb][et_pb_row column_structure=\u00a0\u00bb3_5,2_5&Prime; _builder_version=\u00a0\u00bb4.19.4&Prime; _module_preset=\u00a0\u00bbdefault\u00a0\u00bb global_colors_info=\u00a0\u00bb{}\u00a0\u00bb][et_pb_column type=\u00a0\u00bb3_5&Prime; _builder_version=\u00a0\u00bb4.19.4&Prime; _module_preset=\u00a0\u00bbdefault\u00a0\u00bb global_colors_info=\u00a0\u00bb{}\u00a0\u00bb][et_pb_text _builder_version=\u00a0\u00bb4.27.4&Prime; _module_preset=\u00a0\u00bbdefault\u00a0\u00bb hover_enabled=\u00a0\u00bb0&Prime; global_colors_info=\u00a0\u00bb{}\u00a0\u00bb sticky_enabled=\u00a0\u00bb0&Prime;]<\/p>\n<h1 class=\"p1\" style=\"text-align: justify;\"><strong>Notre fonctionnement<\/strong><\/h1>\n<p class=\"p3\" style=\"text-align: justify;\">Chaque d\u00e9but d\u2019ann\u00e9e lors de l\u2019Assembl\u00e9e G\u00e9n\u00e9rale de rentr\u00e9e, nous vous pr\u00e9sentons le bilan moral et financier de l\u2019ann\u00e9e pass\u00e9e ainsi qu\u2019un pr\u00e9visionnel pour l\u2019ann\u00e9e qui d\u00e9marre.<\/p>\n<p class=\"p3\" style=\"text-align: justify;\">Notre budget pr\u00e9visionnel est r\u00e9parti entre les diff\u00e9rents niveaux (primaire et secondaire), avec une enveloppe d\u00e9di\u00e9e \u00e0 l\u2019aide aux familles. Cette enveloppe est primordiale et permet de garantir la solidarit\u00e9 entre les familles, afin que chaque \u00e9l\u00e8ve puisse s\u2019\u00e9panouir sereinement \u00e0 Albert Le Grand.<\/p>\n<p class=\"p3\" style=\"text-align: justify;\">L\u2019APEL participe \u00e9galement aux Conseils d\u2019Administration de l\u2019Organisme de Gestion des Etablissements Catholiques (OGEC) aux c\u00f4t\u00e9s des Dominicaines du Saint Nom de J\u00e9sus, notre tutelle et de la Direction de l\u2019\u00e9tablissement.<\/p>\n<p class=\"p3\" style=\"text-align: justify;\">Nous servons un objectif de coh\u00e9sion au sein de l\u2019\u00e9tablissement, nous soutenons le projet \u00e9ducatif de l\u2019ensemble scolaire, de la Petite section \u00e0 la Terminale et nous oeuvrons collectivement, en collaborations avec les \u00e9quipes \u00e9ducatives, administratives ainsi que la pastorale pour faire vivre l\u2019esprit chr\u00e9tien, la fraternit\u00e9 et l\u2019entraide. Nous soutenons le projet de l&rsquo;\u00e9tablissement qui vise un bien-\u00eatre num\u00e9rique et qui souhaite limiter l&rsquo;hyper-connectivit\u00e9 chez les jeunes. Pour cela nous avons r\u00e9dig\u00e9 <a href=\"https:\/\/www.albert-le-grand.com\/wp-content\/uploads\/2026\/03\/2026_ecrans_smartphones.pdf\">un guide pour les parents de l&rsquo;\u00e9tablissement avec des conseils pratiques<\/a> face aux (demandes de) smartphones, r\u00e9seaux sociaux et sur les \u00e9crans pour repousser le passage aux smartphones, aider \u00e0 encadrer l\u2019acc\u00e8s au smartphone quand il est donn\u00e9, et encadrer l\u2019acc\u00e8s \u00e0 internet et aux ordinateurs pour \u00e9duquer au num\u00e9rique sans hyper-connectivit\u00e9<br \/><span class=\"Apple-converted-space\">\u00a0<\/span><\/p>\n<h3 class=\"p3\" style=\"text-align: justify;\">La cotisation \u00e0 l\u2019APEL Albert Le Grand est de 25\u20ac par an et par famille.<span class=\"Apple-converted-space\">\u00a0<\/span><\/h3>\n<p class=\"p3\" style=\"text-align: justify;\">Merci \u00e0 vous tous qui, par vos cotisations, participations et aide b\u00e9n\u00e9vole aidez \u00e0 rendre cet \u00e9tablissement tel qu\u2019il est et permettez \u00e0 chaque famille de s\u2019\u00e9panouir \u00e0 Albert Le Grand.<span class=\"Apple-converted-space\">\u00a0<\/span><\/p>\n<p class=\"p3\" style=\"text-align: justify;\">Nous avons besoin chaque ann\u00e9e de volontaires pour s\u2019engager \u00e0 nos c\u00f4t\u00e9s ou simplement donner un coup de main de temps en temps, n\u2019h\u00e9sitez pas \u00e0 vous faire conna\u00eetre.<\/p>\n<p class=\"p3\" style=\"text-align: justify;\"><b>Pour retrouver toutes nos actualit\u00e9s et les billetteries pour les conf\u00e9rences et<span class=\"Apple-converted-space\">\u00a0 <\/span>les \u00e9v\u00e9nements : <\/b><a href=\"https:\/\/www.helloasso.com\/associations\/apel-albert-le-grand\"><span class=\"s1\"><b>rendez-vous sur notre page HelloAsso<\/b><\/span><\/a><\/p>\n<p>[\/et_pb_text][\/et_pb_column][et_pb_column type=\u00a0\u00bb2_5&Prime; _builder_version=\u00a0\u00bb4.19.4&Prime; _module_preset=\u00a0\u00bbdefault\u00a0\u00bb background_color=\u00a0\u00bb#1db4af\u00a0\u00bb global_colors_info=\u00a0\u00bb{}\u00a0\u00bb][et_pb_text _builder_version=\u00a0\u00bb4.27.4&Prime; _module_preset=\u00a0\u00bbdefault\u00a0\u00bb text_text_color=\u00a0\u00bb#FFFFFF\u00a0\u00bb background_layout=\u00a0\u00bbdark\u00a0\u00bb custom_padding=\u00a0\u00bb20px||20px|20px|false|false\u00a0\u00bb global_colors_info=\u00a0\u00bb{}\u00a0\u00bb]<\/p>\n<h2 class=\"p1\"><strong><\/strong><\/h2>\n<h2 class=\"p1\"><strong>L\u2019\u00e9quipe \u00e9lue au conseil d\u2019administration 2024-2025<\/strong><\/h2>\n<p class=\"p2\"><strong>V\u00e9ronique SIGNORINI \/\/ <\/strong>Pr\u00e9sidente<\/p>\n<p class=\"p2\"><strong>Jean-Baptiste FAYET \/\/<\/strong><span class=\"Apple-converted-space\"> Vice-<\/span>Pr\u00e9sidente<\/p>\n<p class=\"p2\"><strong>Charlie TRONCHE \/\/ <\/strong>Tr\u00e9sorier<\/p>\n<p class=\"p2\"><strong>B\u00e9reng\u00e8re ALART \/\/ <\/strong>Vice-Tr\u00e9sori\u00e8re<\/p>\n<p class=\"p2\"><strong>Astrid MILLET-TAUNAY \/\/ <\/strong>Secr\u00e9taire<\/p>\n<p class=\"p2\"><strong>Mathilde RICHARD \/\/ <\/strong>Secr\u00e9taire-adjoint<\/p>\n<p class=\"p2\"><strong>Vincent Moreau<\/strong><\/p>\n<p class=\"p2\"><strong>Maximin Bessi<\/strong><\/p>\n<p class=\"p2\"><strong>Florent Morellet<\/strong><\/p>\n<p class=\"p2\"><strong>Elodie Coiffard<\/strong><\/p>\n<p class=\"p2\"><strong>Ga\u00eblle Baron<\/strong><\/p>\n<p class=\"p2\"><strong>Antoine Combastet<\/strong><\/p>\n<p class=\"p2\"><strong>Delphine Dupont <span class=\"Apple-converted-space\"><br \/><\/span><\/strong><\/p>\n<p class=\"p2\"><strong>Patricia Surin <span class=\"Apple-converted-space\"><br \/><\/span><\/strong><\/p>\n<p class=\"p2\"><strong>Ad\u00e9la\u00efde Arfeux <span class=\"Apple-converted-space\"><br \/><\/span><\/strong><\/p>\n<p class=\"p2\"><strong>Soizick Baquet<br \/><\/strong><\/p>\n<p class=\"p2\"><strong>Emmanuelle Barth\u00e9lemy<\/strong><\/p>\n<p class=\"p2\"><strong>Gabriela Le Monnier<\/strong><\/p>\n<p class=\"p2\"><strong>Claire Krompholtz<\/strong><\/p>\n<p>[\/et_pb_text][\/et_pb_column][\/et_pb_row][\/et_pb_section][et_pb_section fb_built=\u00a0\u00bb1&Prime; _builder_version=\u00a0\u00bb4.19.4&Prime; _module_preset=\u00a0\u00bbdefault\u00a0\u00bb custom_padding=\u00a0\u00bb20px||20px||false|false\u00a0\u00bb global_colors_info=\u00a0\u00bb{}\u00a0\u00bb][et_pb_row _builder_version=\u00a0\u00bb4.19.4&Prime; _module_preset=\u00a0\u00bbdefault\u00a0\u00bb custom_padding=\u00a0\u00bb0px||0px||false|false\u00a0\u00bb global_colors_info=\u00a0\u00bb{}\u00a0\u00bb][et_pb_column type=\u00a0\u00bb4_4&Prime; _builder_version=\u00a0\u00bb4.19.4&Prime; _module_preset=\u00a0\u00bbdefault\u00a0\u00bb global_colors_info=\u00a0\u00bb{}\u00a0\u00bb][et_pb_text _builder_version=\u00a0\u00bb4.19.4&Prime; _module_preset=\u00a0\u00bbdefault\u00a0\u00bb global_colors_info=\u00a0\u00bb{}\u00a0\u00bb]<\/p>\n<h1><strong>Nos actions<\/strong><\/h1>\n<p>[\/et_pb_text][\/et_pb_column][\/et_pb_row][et_pb_row column_structure=\u00a0\u00bb1_4,1_4,1_4,1_4&Prime; _builder_version=\u00a0\u00bb4.19.4&Prime; _module_preset=\u00a0\u00bbdefault\u00a0\u00bb global_colors_info=\u00a0\u00bb{}\u00a0\u00bb][et_pb_column type=\u00a0\u00bb1_4&Prime; _builder_version=\u00a0\u00bb4.19.4&Prime; _module_preset=\u00a0\u00bbdefault\u00a0\u00bb global_colors_info=\u00a0\u00bb{}\u00a0\u00bb][et_pb_text _builder_version=\u00a0\u00bb4.27.4&Prime; _module_preset=\u00a0\u00bbdefault\u00a0\u00bb global_colors_info=\u00a0\u00bb{}\u00a0\u00bb]<\/p>\n<h3 class=\"p1\" style=\"text-align: center;\"><strong>Le march\u00e9 de No\u00ebl<span class=\"Apple-converted-space\">\u00a0<\/span><\/strong><\/h3>\n<p class=\"p2\" style=\"text-align: center;\">Samedi 29 novembre 2025. L\u2019\u00e9cole ouvre ses portes de 15h \u00e0 19h pour accueillir exposants, buvettes, et \u00e9videmment toutes les familles de l\u2019\u00e9tablissement !<\/p>\n<p>[\/et_pb_text][et_pb_image src=\u00a0\u00bbhttps:\/\/albert-le-grand.com\/wp-content\/uploads\/2023\/01\/Marche-de-Noel-2.jpeg\u00a0\u00bb title_text=\u00a0\u00bbMarche\u0301 de Noel-2&Prime; _builder_version=\u00a0\u00bb4.19.4&Prime; _module_preset=\u00a0\u00bbdefault\u00a0\u00bb global_colors_info=\u00a0\u00bb{}\u00a0\u00bb][\/et_pb_image][et_pb_image src=\u00a0\u00bbhttps:\/\/albert-le-grand.com\/wp-content\/uploads\/2023\/01\/Marche-de-Noel.jpeg\u00a0\u00bb title_text=\u00a0\u00bbMarche\u0301 de Noel\u00a0\u00bb _builder_version=\u00a0\u00bb4.19.4&Prime; _module_preset=\u00a0\u00bbdefault\u00a0\u00bb global_colors_info=\u00a0\u00bb{}\u00a0\u00bb][\/et_pb_image][\/et_pb_column][et_pb_column type=\u00a0\u00bb1_4&Prime; _builder_version=\u00a0\u00bb4.19.4&Prime; _module_preset=\u00a0\u00bbdefault\u00a0\u00bb global_colors_info=\u00a0\u00bb{}\u00a0\u00bb][et_pb_text _builder_version=\u00a0\u00bb4.27.4&Prime; _module_preset=\u00a0\u00bbdefault\u00a0\u00bb global_colors_info=\u00a0\u00bb{}\u00a0\u00bb]<\/p>\n<h3 class=\"p1\" style=\"text-align: center;\"><strong>La kermesse<span class=\"Apple-converted-space\">\u00a0<\/span><\/strong><\/h3>\n<p class=\"p1\" style=\"text-align: center;\">Une occasion de f\u00eater la fin de l\u2019ann\u00e9e tous ensemble avec le spectacle de fin d\u2019ann\u00e9e des classes de primaires, un d\u00eener (tr\u00e8s festif) partag\u00e9 et un concert des \u00e9l\u00e8ves du secondaire.<\/p>\n<p>[\/et_pb_text][et_pb_video src=\u00a0\u00bbhttps:\/\/albert-le-grand.com\/wp-content\/uploads\/2023\/01\/VideoKermesse.mp4&Prime; _builder_version=\u00a0\u00bb4.19.4&Prime; _module_preset=\u00a0\u00bbdefault\u00a0\u00bb global_colors_info=\u00a0\u00bb{}\u00a0\u00bb][\/et_pb_video][\/et_pb_column][et_pb_column type=\u00a0\u00bb1_4&Prime; _builder_version=\u00a0\u00bb4.19.4&Prime; _module_preset=\u00a0\u00bbdefault\u00a0\u00bb global_colors_info=\u00a0\u00bb{}\u00a0\u00bb][et_pb_text _builder_version=\u00a0\u00bb4.19.4&Prime; _module_preset=\u00a0\u00bbdefault\u00a0\u00bb global_colors_info=\u00a0\u00bb{}\u00a0\u00bb]<\/p>\n<h3 class=\"p1\" style=\"text-align: center;\"><strong>Les go\u00fbters<span class=\"Apple-converted-space\">\u00a0<\/span><\/strong><\/h3>\n<p class=\"p1\" style=\"text-align: center;\">offerts aux \u00e9l\u00e8ves \u00e0 l&rsquo;occasion de : la St Albert, l\u2019Epiphanie, Mardi Gras\u2026<\/p>\n<p>[\/et_pb_text][et_pb_image src=\u00a0\u00bbhttps:\/\/albert-le-grand.com\/wp-content\/uploads\/2023\/01\/Kermesse-2021.jpeg\u00a0\u00bb title_text=\u00a0\u00bbKermesse-2021&Prime; _builder_version=\u00a0\u00bb4.19.4&Prime; _module_preset=\u00a0\u00bbdefault\u00a0\u00bb global_colors_info=\u00a0\u00bb{}\u00a0\u00bb][\/et_pb_image][\/et_pb_column][et_pb_column type=\u00a0\u00bb1_4&Prime; _builder_version=\u00a0\u00bb4.19.4&Prime; _module_preset=\u00a0\u00bbdefault\u00a0\u00bb global_colors_info=\u00a0\u00bb{}\u00a0\u00bb][et_pb_image src=\u00a0\u00bbhttps:\/\/www.albert-le-grand.com\/wp-content\/uploads\/2025\/09\/2025-2026_jeudis_orientation.jpg\u00a0\u00bb title_text=\u00a0\u00bb2025-2026_jeudis_orientation\u00a0\u00bb _builder_version=\u00a0\u00bb4.27.4&Prime; _module_preset=\u00a0\u00bbdefault\u00a0\u00bb global_colors_info=\u00a0\u00bb{}\u00a0\u00bb][\/et_pb_image][et_pb_text _builder_version=\u00a0\u00bb4.27.4&Prime; _module_preset=\u00a0\u00bbdefault\u00a0\u00bb global_colors_info=\u00a0\u00bb{}\u00a0\u00bb]<\/p>\n<h3 class=\"p1\" style=\"text-align: center;\"><strong>Les conf\u00e9rences<span class=\"Apple-converted-space\">\u00a0<\/span><\/strong><\/h3>\n<p class=\"p1\" style=\"text-align: center;\">Les jeudis de l\u2019orientation en partenariat avec Nadine Briatte de Projet Orientation 33 et Corrine Prach.<\/p>\n<p class=\"p1\" style=\"text-align: center;\">Cycle de conf\u00e9rences sur l\u2019orientation au secondaire et post bac \u00e0 destination des \u00e9l\u00e8ves et parents d\u2019\u00e9l\u00e8ves.<span class=\"Apple-converted-space\">\u00a0<\/span><\/p>\n<p class=\"p2\" style=\"text-align: center;\">\u2022 Le Post Bac<br \/>\u2022 Parcoursup<br \/>\u2022 Orientation Post 3\u00e8me<br \/>\u2022 Orientation Post 2nde<br \/>\u2022 Initiation au Post Bac pour les parents d\u2019\u00e9l\u00e8ves<\/p>\n<p class=\"p2\" style=\"text-align: left;\">Pour en savoir plus cliquez <a href=\"https:\/\/www.albert-le-grand.com\/wp-content\/uploads\/2025\/09\/2025-2026_Programme-jeudi-de-lorientation_ALG-2.pdf\">ici<\/a><\/p>\n<p>[\/et_pb_text][\/et_pb_column][\/et_pb_row][et_pb_row _builder_version=\u00a0\u00bb4.19.4&Prime; _module_preset=\u00a0\u00bbdefault\u00a0\u00bb background_color=\u00a0\u00bb#1db4af\u00a0\u00bb custom_padding=\u00a0\u00bb10px||10px||false|false\u00a0\u00bb global_colors_info=\u00a0\u00bb{}\u00a0\u00bb][et_pb_column type=\u00a0\u00bb4_4&Prime; _builder_version=\u00a0\u00bb4.19.4&Prime; _module_preset=\u00a0\u00bbdefault\u00a0\u00bb global_colors_info=\u00a0\u00bb{}\u00a0\u00bb][et_pb_text _builder_version=\u00a0\u00bb4.19.4&Prime; _module_preset=\u00a0\u00bbdefault\u00a0\u00bb text_text_color=\u00a0\u00bb#FFFFFF\u00a0\u00bb header_text_color=\u00a0\u00bb#FFFFFF\u00a0\u00bb background_layout=\u00a0\u00bbdark\u00a0\u00bb link_option_url=\u00a0\u00bbapel.alg@gmail.com\u00a0\u00bb global_colors_info=\u00a0\u00bb{}\u00a0\u00bb]<\/p>\n<h3 class=\"p1\" style=\"text-align: center;\"><span class=\"s1\"><b>Pour nous contacter : apel.alg@gmail.com<\/b><\/span><\/h3>\n<p>[\/et_pb_text][\/et_pb_column][\/et_pb_row][\/et_pb_section]<\/p>\n","protected":false},"excerpt":{"rendered":"<p>Qui sommes-nous ? Une APEL engag\u00e9e au service des familles et des \u00e9l\u00e8ves de l\u2019\u00e9tablissement.\u00a0 L\u2019Association de Parents d\u2019\u00c9l\u00e8ves de l\u2019\u00c9cole Libre a la responsabilit\u00e9 de repr\u00e9senter les parents, au sein des \u00e9tablissements comme aupr\u00e8s des responsables de l&rsquo;Institution scolaire et des pouvoirs publics. Elle a un r\u00f4le d\u2019accueil, d\u2019animation, d\u2019information et de conseil. L\u2019APEL [&hellip;]<\/p>\n","protected":false},"author":1,"featured_media":0,"parent":0,"menu_order":0,"comment_status":"closed","ping_status":"closed","template":"","meta":{"_et_pb_use_builder":"on","_et_pb_old_content":"<!-- wp:divi\/placeholder \/-->","_et_gb_content_width":"","footnotes":""},"class_list":["post-1364","page","type-page","status-publish","hentry"],"_links":{"self":[{"href":"https:\/\/www.albert-le-grand.com\/index.php\/wp-json\/wp\/v2\/pages\/1364","targetHints":{"allow":["GET"]}}],"collection":[{"href":"https:\/\/www.albert-le-grand.com\/index.php\/wp-json\/wp\/v2\/pages"}],"about":[{"href":"https:\/\/www.albert-le-grand.com\/index.php\/wp-json\/wp\/v2\/types\/page"}],"author":[{"embeddable":true,"href":"https:\/\/www.albert-le-grand.com\/index.php\/wp-json\/wp\/v2\/users\/1"}],"replies":[{"embeddable":true,"href":"https:\/\/www.albert-le-grand.com\/index.php\/wp-json\/wp\/v2\/comments?post=1364"}],"version-history":[{"count":30,"href":"https:\/\/www.albert-le-grand.com\/index.php\/wp-json\/wp\/v2\/pages\/1364\/revisions"}],"predecessor-version":[{"id":2949,"href":"https:\/\/www.albert-le-grand.com\/index.php\/wp-json\/wp\/v2\/pages\/1364\/revisions\/2949"}],"wp:attachment":[{"href":"https:\/\/www.albert-le-grand.com\/index.php\/wp-json\/wp\/v2\/media?parent=1364"}],"curies":[{"name":"wp","href":"https:\/\/api.w.org\/{rel}","templated":true}]}}