{"id":861,"date":"2023-01-02T06:18:54","date_gmt":"2023-01-02T05:18:54","guid":{"rendered":"https:\/\/albert-le-grand.com\/?page_id=861"},"modified":"2026-03-11T08:11:03","modified_gmt":"2026-03-11T07:11:03","slug":"les-points-forts-college","status":"publish","type":"page","link":"https:\/\/www.albert-le-grand.com\/index.php\/les-points-forts-college\/","title":{"rendered":"Les points forts &#8211; coll\u00e8ge"},"content":{"rendered":"<p>[et_pb_section fb_built=\u00a0\u00bb1&Prime; _builder_version=\u00a0\u00bb4.19.4&Prime; _module_preset=\u00a0\u00bbdefault\u00a0\u00bb custom_padding=\u00a0\u00bb0px||0px||false|false\u00a0\u00bb locked=\u00a0\u00bboff\u00a0\u00bb global_colors_info=\u00a0\u00bb{}\u00a0\u00bb][et_pb_row _builder_version=\u00a0\u00bb4.19.4&Prime; _module_preset=\u00a0\u00bbdefault\u00a0\u00bb width=\u00a0\u00bb100%\u00a0\u00bb max_width=\u00a0\u00bb100%\u00a0\u00bb global_colors_info=\u00a0\u00bb{}\u00a0\u00bb][et_pb_column type=\u00a0\u00bb4_4&Prime; _builder_version=\u00a0\u00bb4.19.4&Prime; _module_preset=\u00a0\u00bbdefault\u00a0\u00bb global_colors_info=\u00a0\u00bb{}\u00a0\u00bb][et_pb_image src=\u00a0\u00bbhttps:\/\/albert-le-grand.com\/wp-content\/uploads\/2023\/01\/bandeauCollege.png\u00a0\u00bb title_text=\u00a0\u00bbbandeauCollege\u00a0\u00bb force_fullwidth=\u00a0\u00bbon\u00a0\u00bb _builder_version=\u00a0\u00bb4.19.4&Prime; _module_preset=\u00a0\u00bbdefault\u00a0\u00bb global_colors_info=\u00a0\u00bb{}\u00a0\u00bb][\/et_pb_image][\/et_pb_column][\/et_pb_row][\/et_pb_section][et_pb_section fb_built=\u00a0\u00bb1&Prime; _builder_version=\u00a0\u00bb4.19.4&Prime; _module_preset=\u00a0\u00bbdefault\u00a0\u00bb custom_margin=\u00a0\u00bb0px||0px||false|false\u00a0\u00bb custom_padding=\u00a0\u00bb2px||0px||false|false\u00a0\u00bb global_colors_info=\u00a0\u00bb{}\u00a0\u00bb][et_pb_row _builder_version=\u00a0\u00bb4.19.4&Prime; _module_preset=\u00a0\u00bbdefault\u00a0\u00bb custom_padding=\u00a0\u00bb||0px||false|false\u00a0\u00bb global_colors_info=\u00a0\u00bb{}\u00a0\u00bb][et_pb_column type=\u00a0\u00bb4_4&Prime; _builder_version=\u00a0\u00bb4.19.4&Prime; _module_preset=\u00a0\u00bbdefault\u00a0\u00bb global_colors_info=\u00a0\u00bb{}\u00a0\u00bb][et_pb_text _builder_version=\u00a0\u00bb4.23.4&Prime; _module_preset=\u00a0\u00bbdefault\u00a0\u00bb global_colors_info=\u00a0\u00bb{}\u00a0\u00bb]<\/p>\n<p style=\"text-align: center;\"><a href=\"https:\/\/www.albert-le-grand.com\/index.php\/projet-pedagogique-college\/\"><span class=\"s1\"><b>Projet p\u00e9dagogique<\/b><\/span><\/a><b><span class=\"Apple-converted-space\">\u00a0 \u00a0 \u00a0 <\/span><a href=\"https:\/\/www.albert-le-grand.com\/index.php\/vie-spirituelle-college\/\">Vie spirituelle<\/a><span class=\"Apple-converted-space\">\u00a0 \u00a0 \u00a0 <\/span><a href=\"https:\/\/www.albert-le-grand.com\/index.php\/vie-culturelle-college\/\">Vie culturelle<\/a><span class=\"Apple-converted-space\">\u00a0 \u00a0 \u00a0 <\/span><a href=\"https:\/\/www.albert-le-grand.com\/index.php\/vie-sportive-college\/\">Vie sportive<\/a><span class=\"Apple-converted-space\">\u00a0 \u00a0 \u00a0 <\/span><a href=\"https:\/\/www.albert-le-grand.com\/index.php\/bien-vivre-le-temps-scolaire-college\/\">Bien vivre le temps scolaire<\/a><span class=\"Apple-converted-space\">\u00a0 \u00a0 \u00a0 <\/span><a href=\"https:\/\/www.albert-le-grand.com\/index.php\/les-points-forts-college\/\">Les points forts<\/a><span class=\"Apple-converted-space\">\u00a0 \u00a0 \u00a0 <\/span><a href=\"https:\/\/www.albert-le-grand.com\/index.php\/actualites-college\/\">Actualit\u00e9s<\/a><\/b><\/p>\n<p>[\/et_pb_text][\/et_pb_column][\/et_pb_row][et_pb_row _builder_version=\u00a0\u00bb4.19.4&Prime; _module_preset=\u00a0\u00bbdefault\u00a0\u00bb global_colors_info=\u00a0\u00bb{}\u00a0\u00bb][et_pb_column type=\u00a0\u00bb4_4&Prime; _builder_version=\u00a0\u00bb4.19.4&Prime; _module_preset=\u00a0\u00bbdefault\u00a0\u00bb global_colors_info=\u00a0\u00bb{}\u00a0\u00bb][et_pb_image src=\u00a0\u00bbhttps:\/\/albert-le-grand.com\/wp-content\/uploads\/2022\/12\/bandeau.png\u00a0\u00bb title_text=\u00a0\u00bbbandeau\u00a0\u00bb _builder_version=\u00a0\u00bb4.19.4&Prime; _module_preset=\u00a0\u00bbdefault\u00a0\u00bb custom_margin=\u00a0\u00bb||0px||false|false\u00a0\u00bb custom_padding=\u00a0\u00bb||0px||false|false\u00a0\u00bb global_colors_info=\u00a0\u00bb{}\u00a0\u00bb][\/et_pb_image][\/et_pb_column][\/et_pb_row][\/et_pb_section][et_pb_section fb_built=\u00a0\u00bb1&Prime; _builder_version=\u00a0\u00bb4.19.4&Prime; _module_preset=\u00a0\u00bbdefault\u00a0\u00bb custom_padding=\u00a0\u00bb15px||||false|false\u00a0\u00bb global_colors_info=\u00a0\u00bb{}\u00a0\u00bb][et_pb_row _builder_version=\u00a0\u00bb4.19.4&Prime; _module_preset=\u00a0\u00bbdefault\u00a0\u00bb custom_padding=\u00a0\u00bb0px||0px||false|false\u00a0\u00bb global_colors_info=\u00a0\u00bb{}\u00a0\u00bb][et_pb_column type=\u00a0\u00bb4_4&Prime; _builder_version=\u00a0\u00bb4.19.4&Prime; _module_preset=\u00a0\u00bbdefault\u00a0\u00bb global_colors_info=\u00a0\u00bb{}\u00a0\u00bb][et_pb_text _builder_version=\u00a0\u00bb4.19.4&Prime; _module_preset=\u00a0\u00bbdefault\u00a0\u00bb global_colors_info=\u00a0\u00bb{}\u00a0\u00bb]<\/p>\n<h3>&#8230;Les points forts du coll\u00e8ge<\/h3>\n<p>[\/et_pb_text][\/et_pb_column][\/et_pb_row][et_pb_row module_id=\u00a0\u00bbProjetPedagogiqueCollege\u00a0\u00bb _builder_version=\u00a0\u00bb4.19.4&Prime; _module_preset=\u00a0\u00bbdefault\u00a0\u00bb global_colors_info=\u00a0\u00bb{}\u00a0\u00bb][et_pb_column type=\u00a0\u00bb4_4&Prime; _builder_version=\u00a0\u00bb4.19.4&Prime; _module_preset=\u00a0\u00bbdefault\u00a0\u00bb global_colors_info=\u00a0\u00bb{}\u00a0\u00bb][et_pb_text _builder_version=\u00a0\u00bb4.27.4&Prime; _module_preset=\u00a0\u00bbdefault\u00a0\u00bb global_colors_info=\u00a0\u00bb{}\u00a0\u00bb]<\/p>\n<ul class=\"ul1\">\n<li class=\"li2\"><span class=\"s1\">Un coll\u00e8ge d\u00e9branch\u00e9 sans ENT pour les \u00e9l\u00e8ves &#8211; voir article <a href=\"https:\/\/www.albert-le-grand.com\/index.php\/2026\/03\/11\/rentree-2026-un-college-debranche\/\">ici<\/a><\/span><\/li>\n<li class=\"li2\"><span class=\"s1\"><\/span>Des effectifs raisonnables (25 \u00e9l\u00e8ves en moyenne)<\/li>\n<li class=\"li2\"><span class=\"s1\"><\/span>Un accompagnement bienveillant et exigeant<\/li>\n<li class=\"li2\"><span class=\"s1\"><\/span>2 langues vivantes pour tous d\u00e8s la 6\u00e8me<\/li>\n<li class=\"li2\"><span class=\"s1\"><\/span>De la philosophie pour d\u00e9velopper sa culture g\u00e9n\u00e9rale et apprendre \u00e0 argumenter<\/li>\n<li class=\"li2\">Initiation au latin en 6\u00e8me puis option Langue et Culture de l&rsquo;Antiquit\u00e9 \u00e0 partir de la 5\u00e8me<\/li>\n<li class=\"li2\"><span class=\"s1\"><\/span>Un projet pastoral fort accompagn\u00e9 par les Dominicains pour vivre et approfondir sa foi chr\u00e9tienne<\/li>\n<li class=\"li2\">Un accompagnement dans le d\u00e9veloppement int\u00e9gral des jeunes, notamment dans l&rsquo;\u00e9ducation affective fond\u00e9 sur l&rsquo;anthropologie chr\u00e9tienne. Proposition de parcours avec l&rsquo;association TeenSTAR (d\u00e9couvrir <a href=\"https:\/\/www.teenstar.fr\/\">ici<\/a>)<\/li>\n<li class=\"li2\"><span class=\"s1\"><\/span>Une \u00e9quipe \u00e9ducative et p\u00e9dagogique engag\u00e9e<\/li>\n<li class=\"li2\"><span class=\"s1\"><\/span>L\u2019apprentissage des sciences en petits groupes<\/li>\n<li class=\"li2\"><span class=\"s1\"><\/span>Des projets sportifs vari\u00e9s<\/li>\n<li class=\"li2\"><span class=\"s1\"><\/span>Des projets culturels en lien avec des acteurs locaux (th\u00e9\u00e2tre, \u00e9crivain, \u2026)<\/li>\n<li class=\"li2\"><span class=\"s1\"><\/span>Uniforme obligatoire<\/li>\n<li class=\"li2\"><span class=\"s1\"><\/span>Un accompagnement \u00e0 l\u2019orientation pour que l\u2019\u00e9l\u00e8ve construise progressivement son projet<\/li>\n<li class=\"li2\">Participation aux oraux de stage des \u00e9l\u00e8ves de 1\u00e8re pour les \u00e9l\u00e8ves de 4\u00e8me<\/li>\n<li class=\"li2\">Entraide possible avec le primaire (kermesse missionnaire, pause m\u00e9ridienne)<\/li>\n<li class=\"li2\">Possibilit\u00e9 d\u2019internat<\/li>\n<\/ul>\n<p>[\/et_pb_text][\/et_pb_column][\/et_pb_row][\/et_pb_section]<\/p>\n","protected":false},"excerpt":{"rendered":"<p>Projet p\u00e9dagogique\u00a0 \u00a0 \u00a0 Vie spirituelle\u00a0 \u00a0 \u00a0 Vie culturelle\u00a0 \u00a0 \u00a0 Vie sportive\u00a0 \u00a0 \u00a0 Bien vivre le temps scolaire\u00a0 \u00a0 \u00a0 Les points forts\u00a0 \u00a0 \u00a0 Actualit\u00e9s&#8230;Les points forts du coll\u00e8ge Un coll\u00e8ge d\u00e9branch\u00e9 sans ENT pour les \u00e9l\u00e8ves &#8211; voir article ici Des effectifs raisonnables (25 \u00e9l\u00e8ves en moyenne) Un accompagnement bienveillant [&hellip;]<\/p>\n","protected":false},"author":1,"featured_media":0,"parent":0,"menu_order":0,"comment_status":"closed","ping_status":"closed","template":"","meta":{"_et_pb_use_builder":"on","_et_pb_old_content":"<!-- wp:divi\/placeholder \/-->","_et_gb_content_width":"","footnotes":""},"class_list":["post-861","page","type-page","status-publish","hentry"],"_links":{"self":[{"href":"https:\/\/www.albert-le-grand.com\/index.php\/wp-json\/wp\/v2\/pages\/861","targetHints":{"allow":["GET"]}}],"collection":[{"href":"https:\/\/www.albert-le-grand.com\/index.php\/wp-json\/wp\/v2\/pages"}],"about":[{"href":"https:\/\/www.albert-le-grand.com\/index.php\/wp-json\/wp\/v2\/types\/page"}],"author":[{"embeddable":true,"href":"https:\/\/www.albert-le-grand.com\/index.php\/wp-json\/wp\/v2\/users\/1"}],"replies":[{"embeddable":true,"href":"https:\/\/www.albert-le-grand.com\/index.php\/wp-json\/wp\/v2\/comments?post=861"}],"version-history":[{"count":17,"href":"https:\/\/www.albert-le-grand.com\/index.php\/wp-json\/wp\/v2\/pages\/861\/revisions"}],"predecessor-version":[{"id":2933,"href":"https:\/\/www.albert-le-grand.com\/index.php\/wp-json\/wp\/v2\/pages\/861\/revisions\/2933"}],"wp:attachment":[{"href":"https:\/\/www.albert-le-grand.com\/index.php\/wp-json\/wp\/v2\/media?parent=861"}],"curies":[{"name":"wp","href":"https:\/\/api.w.org\/{rel}","templated":true}]}}