{"id":968,"date":"2023-01-02T09:12:04","date_gmt":"2023-01-02T08:12:04","guid":{"rendered":"https:\/\/albert-le-grand.com\/?page_id=968"},"modified":"2026-04-09T10:46:15","modified_gmt":"2026-04-09T08:46:15","slug":"projet-pedagogique-lycee","status":"publish","type":"page","link":"https:\/\/www.albert-le-grand.com\/index.php\/projet-pedagogique-lycee\/","title":{"rendered":"Projet p\u00e9dagogique &#8211; lyc\u00e9e"},"content":{"rendered":"<p>[et_pb_section fb_built=\u00a0\u00bb1&Prime; _builder_version=\u00a0\u00bb4.19.4&Prime; _module_preset=\u00a0\u00bbdefault\u00a0\u00bb custom_padding=\u00a0\u00bb0px||0px||false|false\u00a0\u00bb global_colors_info=\u00a0\u00bb{}\u00a0\u00bb][et_pb_row _builder_version=\u00a0\u00bb4.19.4&Prime; _module_preset=\u00a0\u00bbdefault\u00a0\u00bb width=\u00a0\u00bb100%\u00a0\u00bb max_width=\u00a0\u00bb100%\u00a0\u00bb global_colors_info=\u00a0\u00bb{}\u00a0\u00bb][et_pb_column type=\u00a0\u00bb4_4&Prime; _builder_version=\u00a0\u00bb4.19.4&Prime; _module_preset=\u00a0\u00bbdefault\u00a0\u00bb global_colors_info=\u00a0\u00bb{}\u00a0\u00bb][et_pb_image src=\u00a0\u00bbhttps:\/\/www.albert-le-grand.com\/wp-content\/uploads\/2026\/04\/Lycee-bandeau-2.png\u00a0\u00bb title_text=\u00a0\u00bbLyc\u00e9e bandeau 2.\u00a0\u00bb force_fullwidth=\u00a0\u00bbon\u00a0\u00bb _builder_version=\u00a0\u00bb4.27.4&Prime; _module_preset=\u00a0\u00bbdefault\u00a0\u00bb hover_enabled=\u00a0\u00bb0&Prime; global_colors_info=\u00a0\u00bb{}\u00a0\u00bb sticky_enabled=\u00a0\u00bb0&Prime;][\/et_pb_image][\/et_pb_column][\/et_pb_row][\/et_pb_section][et_pb_section fb_built=\u00a0\u00bb1&Prime; _builder_version=\u00a0\u00bb4.19.4&Prime; _module_preset=\u00a0\u00bbdefault\u00a0\u00bb custom_margin=\u00a0\u00bb0px||0px||false|false\u00a0\u00bb custom_padding=\u00a0\u00bb2px||0px||false|false\u00a0\u00bb global_colors_info=\u00a0\u00bb{}\u00a0\u00bb][et_pb_row _builder_version=\u00a0\u00bb4.19.4&Prime; _module_preset=\u00a0\u00bbdefault\u00a0\u00bb custom_padding=\u00a0\u00bb||0px||false|false\u00a0\u00bb global_colors_info=\u00a0\u00bb{}\u00a0\u00bb][et_pb_column type=\u00a0\u00bb4_4&Prime; _builder_version=\u00a0\u00bb4.19.4&Prime; _module_preset=\u00a0\u00bbdefault\u00a0\u00bb global_colors_info=\u00a0\u00bb{}\u00a0\u00bb][et_pb_text _builder_version=\u00a0\u00bb4.23.4&Prime; _module_preset=\u00a0\u00bbdefault\u00a0\u00bb global_colors_info=\u00a0\u00bb{}\u00a0\u00bb]<\/p>\n<p class=\"p1\" style=\"text-align: center;\"><a href=\"#Projet%20p\u00e9dagogique\"><span class=\"s1\"><b>Projet p\u00e9dagogique<\/b><\/span><\/a><b> <span class=\"Apple-converted-space\">\u00a0 \u00a0 \u00a0 <\/span><a href=\"https:\/\/www.albert-le-grand.com\/index.php\/vie-spirituelle-lycee\/\">Vie spirituelle<\/a> <span class=\"Apple-converted-space\">\u00a0 \u00a0 \u00a0 <\/span><a href=\"https:\/\/www.albert-le-grand.com\/index.php\/vie-culturelle-lycee\/\">Vie culturelle<\/a> <span class=\"Apple-converted-space\">\u00a0 \u00a0 \u00a0 <\/span><a href=\"https:\/\/www.albert-le-grand.com\/index.php\/vie-sportive-lycee\/\">Vie sportive<\/a> <span class=\"Apple-converted-space\">\u00a0 \u00a0 \u00a0 <\/span><a href=\"https:\/\/www.albert-le-grand.com\/index.php\/bien-vivre-le-temps-scolaire-lycee\/\">Bien vivre le temps scolaire<\/a> <span class=\"Apple-converted-space\">\u00a0 \u00a0 \u00a0 <\/span><a href=\"https:\/\/www.albert-le-grand.com\/index.php\/les-temps-forts-lycee\/\">Les points forts<\/a> <span class=\"Apple-converted-space\">\u00a0 \u00a0 \u00a0 <\/span><a href=\"https:\/\/www.albert-le-grand.com\/index.php\/actualites-lycee\/\">Actualit\u00e9s<\/a><\/b><\/p>\n<p>[\/et_pb_text][\/et_pb_column][\/et_pb_row][et_pb_row _builder_version=\u00a0\u00bb4.19.4&Prime; _module_preset=\u00a0\u00bbdefault\u00a0\u00bb global_colors_info=\u00a0\u00bb{}\u00a0\u00bb][et_pb_column type=\u00a0\u00bb4_4&Prime; _builder_version=\u00a0\u00bb4.19.4&Prime; _module_preset=\u00a0\u00bbdefault\u00a0\u00bb global_colors_info=\u00a0\u00bb{}\u00a0\u00bb][et_pb_image src=\u00a0\u00bbhttps:\/\/albert-le-grand.com\/wp-content\/uploads\/2022\/12\/bandeau.png\u00a0\u00bb title_text=\u00a0\u00bbbandeau\u00a0\u00bb _builder_version=\u00a0\u00bb4.19.4&Prime; _module_preset=\u00a0\u00bbdefault\u00a0\u00bb custom_margin=\u00a0\u00bb||0px||false|false\u00a0\u00bb custom_padding=\u00a0\u00bb||0px||false|false\u00a0\u00bb global_colors_info=\u00a0\u00bb{}\u00a0\u00bb][\/et_pb_image][\/et_pb_column][\/et_pb_row][\/et_pb_section][et_pb_section fb_built=\u00a0\u00bb1&Prime; _builder_version=\u00a0\u00bb4.19.4&Prime; _module_preset=\u00a0\u00bbdefault\u00a0\u00bb custom_padding=\u00a0\u00bb15px||0px||false|false\u00a0\u00bb global_colors_info=\u00a0\u00bb{}\u00a0\u00bb][et_pb_row module_id=\u00a0\u00bbProjet p\u00e9dagogique\u00a0\u00bb _builder_version=\u00a0\u00bb4.19.4&Prime; _module_preset=\u00a0\u00bbdefault\u00a0\u00bb custom_padding=\u00a0\u00bb0px||0px||false|false\u00a0\u00bb global_colors_info=\u00a0\u00bb{}\u00a0\u00bb][et_pb_column type=\u00a0\u00bb4_4&Prime; _builder_version=\u00a0\u00bb4.19.4&Prime; _module_preset=\u00a0\u00bbdefault\u00a0\u00bb global_colors_info=\u00a0\u00bb{}\u00a0\u00bb][et_pb_text _builder_version=\u00a0\u00bb4.19.4&Prime; _module_preset=\u00a0\u00bbdefault\u00a0\u00bb global_colors_info=\u00a0\u00bb{}\u00a0\u00bb]<\/p>\n<h3>&#8230;Projet p\u00e9dagogique du lyc\u00e9e<\/h3>\n<p>[\/et_pb_text][\/et_pb_column][\/et_pb_row][et_pb_row module_id=\u00a0\u00bbProjetPedagogiqueCollege\u00a0\u00bb _builder_version=\u00a0\u00bb4.19.4&Prime; _module_preset=\u00a0\u00bbdefault\u00a0\u00bb custom_padding=\u00a0\u00bb||0px||false|false\u00a0\u00bb global_colors_info=\u00a0\u00bb{}\u00a0\u00bb][et_pb_column type=\u00a0\u00bb4_4&Prime; _builder_version=\u00a0\u00bb4.19.4&Prime; _module_preset=\u00a0\u00bbdefault\u00a0\u00bb global_colors_info=\u00a0\u00bb{}\u00a0\u00bb][et_pb_text _builder_version=\u00a0\u00bb4.19.4&Prime; _module_preset=\u00a0\u00bbdefault\u00a0\u00bb global_colors_info=\u00a0\u00bb{}\u00a0\u00bb]<\/p>\n<p class=\"p2\" style=\"text-align: justify;\">Le lyc\u00e9e Albert le Grand est compos\u00e9 de 6 classes, soit 2 classes par niveau. Comme le reste de l\u2019\u00e9tablissement, sa taille humaine et familiale permet un accompagnement bienveillant o\u00f9 chaque jeune est connu et reconnu de tous. Le lyc\u00e9e accompagne les jeunes vers la r\u00e9ussite au baccalaur\u00e9at et vers leur projet d\u2019orientation postbac.<\/p>\n<p class=\"p2\" style=\"text-align: justify;\">Les \u00e9l\u00e8ves portent un uniforme (polo\/tee-shirt\/chemise, sweat\/pull) ; chacun est un \u00eatre unique et nous voulons d\u00e9couvrir chez nos jeunes la beaut\u00e9 de leur c\u0153ur, de leur \u00e2me sans s\u2019attarder sur leur apparence physique.<\/p>\n<p>[\/et_pb_text][et_pb_text _builder_version=\u00a0\u00bb4.19.4&Prime; _module_preset=\u00a0\u00bbdefault\u00a0\u00bb custom_padding=\u00a0\u00bb||20px||false|false\u00a0\u00bb global_colors_info=\u00a0\u00bb{}\u00a0\u00bb]<\/p>\n<h2 class=\"p1\"><strong><span class=\"s1\">Les sp\u00e9cificit\u00e9s de notre projet p\u00e9dagogique sont\u00a0:<\/span><\/strong><\/h2>\n<p>[\/et_pb_text][\/et_pb_column][\/et_pb_row][et_pb_row column_structure=\u00a0\u00bb1_3,1_3,1_3&Prime; _builder_version=\u00a0\u00bb4.19.4&Prime; _module_preset=\u00a0\u00bbdefault\u00a0\u00bb custom_padding=\u00a0\u00bb0px||||false|false\u00a0\u00bb global_colors_info=\u00a0\u00bb{}\u00a0\u00bb][et_pb_column type=\u00a0\u00bb1_3&Prime; _builder_version=\u00a0\u00bb4.19.4&Prime; _module_preset=\u00a0\u00bbdefault\u00a0\u00bb background_color=\u00a0\u00bbrgba(0,159,227,0.43)\u00a0\u00bb global_colors_info=\u00a0\u00bb{}\u00a0\u00bb][et_pb_text _builder_version=\u00a0\u00bb4.23.4&Prime; _module_preset=\u00a0\u00bbdefault\u00a0\u00bb custom_padding=\u00a0\u00bb20px|20px|20px|20px|false|false\u00a0\u00bb global_colors_info=\u00a0\u00bb{}\u00a0\u00bb]<\/p>\n<h4 class=\"p1\"><strong>En classe de 2nde :<\/strong><\/h4>\n<ul class=\"ul1\">\n<li class=\"li1\"><span class=\"s3\"><\/span>Une heure d\u2019anglais renforc\u00e9 en plus pour ceux qui le souhaitent<\/li>\n<li class=\"li1\"><span class=\"s3\"><\/span>L\u2019enseignement des sciences (SVT, Sciences Num\u00e9riques et Technologie, Physique Chimie) en petits groupes : 3 groupes pour 2 classes<\/li>\n<li class=\"li1\"><span class=\"s3\"><\/span>Une heure quinzaine d\u2019aide \u00e0 l\u2019orientation pour aider et accompagner le jeune dans son choix et son projet d\u2019orientation<\/li>\n<li class=\"li1\">une heure de philosophie pour d\u00e9velopper sa culture g\u00e9n\u00e9rale et apprendre \u00e0 argumenter<\/li>\n<li class=\"li1\"><span class=\"s3\"><\/span>15 jours de stage en entreprise en fin d\u2019ann\u00e9e<\/li>\n<li class=\"li1\"><span class=\"s3\"><\/span>Devoir sur table commun toutes les semaines<\/li>\n<li class=\"li1\"><span class=\"s3\"><\/span>Un oral blanc<span class=\"Apple-converted-space\">\u00a0<\/span><\/li>\n<li class=\"li1\"><span class=\"s3\"><\/span>Langues vivantes possibles : anglais (LV1), espagnol (LV2), allemand (LV2)<\/li>\n<li class=\"li1\">Option latin<\/li>\n<li class=\"li1\"><strong>Possibilit\u00e9 de pr\u00e9parer le bac am\u00e9ricain avec notre partenaire Academica International Studies &#8211; renseignements : <a href=\"https:\/\/www.albert-le-grand.com\/index.php\/2023\/02\/06\/bac-americain-2\/\">ici<\/a><\/strong><a href=\"https:\/\/albert-le-grand.com\/index.php\/2023\/02\/06\/bac-americain-2\/\"><strong><\/strong><\/a><\/li>\n<\/ul>\n<ul class=\"ul1\"><\/ul>\n<p>[\/et_pb_text][\/et_pb_column][et_pb_column type=\u00a0\u00bb1_3&Prime; _builder_version=\u00a0\u00bb4.19.4&Prime; _module_preset=\u00a0\u00bbdefault\u00a0\u00bb background_color=\u00a0\u00bbrgba(0,159,227,0.43)\u00a0\u00bb global_colors_info=\u00a0\u00bb{}\u00a0\u00bb][et_pb_text _builder_version=\u00a0\u00bb4.19.4&Prime; _module_preset=\u00a0\u00bbdefault\u00a0\u00bb custom_padding=\u00a0\u00bb20px|20px|20px|20px|false|false\u00a0\u00bb global_colors_info=\u00a0\u00bb{}\u00a0\u00bb]<\/p>\n<h4 class=\"p1\"><strong>En classe de 1\u00e8re<span class=\"s2\"><sup>\u00a0<\/sup><\/span>:<span class=\"Apple-converted-space\">\u00a0<\/span><\/strong><\/h4>\n<ul class=\"ul1\">\n<li class=\"li1\"><span class=\"s3\"><\/span>3 enseignements de sp\u00e9cialit\u00e9s \u00e0 choisir parmi\u00a0:<\/li>\n<ul class=\"ul1\">\n<li class=\"li1\"><span class=\"s4\"><\/span>Histoire-g\u00e9ographie, g\u00e9opolitique et sciences politiques<\/li>\n<li class=\"li1\"><span class=\"s4\"><\/span>Humanit\u00e9s, litt\u00e9rature et philosophie<\/li>\n<li class=\"li1\"><span class=\"s4\"><\/span>Math\u00e9matiques<\/li>\n<li class=\"li1\"><span class=\"s4\"><\/span>Physique-Chimie<\/li>\n<li class=\"li1\"><span class=\"s4\"><\/span>Sciences de la vie et de la terre<\/li>\n<li class=\"li1\"><span class=\"s4\"><\/span>Sciences \u00e9conomiques et sociales<\/li>\n<li class=\"li1\"><span class=\"s4\"><\/span>Langues, litt\u00e9ratures et cultures \u00e9trang\u00e8res Anglais<\/li>\n<\/ul>\n<li class=\"li1\"><span class=\"s3\"><\/span>Option latin<\/li>\n<li class=\"li1\">Une heure d\u2019anglais renforc\u00e9 en plus pour ceux qui le souhaitent<\/li>\n<li class=\"li1\"><span class=\"s3\"><\/span>Devoir sur table commun toutes les semaines<\/li>\n<li class=\"li1\"><span class=\"s3\"><\/span>2 bacs blancs de fran\u00e7ais<\/li>\n<li class=\"li1\"><span class=\"s3\"><\/span>Des oraux blancs<span class=\"Apple-converted-space\">\u00a0<\/span><\/li>\n<li class=\"li1\"><span class=\"s3\"><\/span>Possibilit\u00e9 de passer une certification en langue (Cambridge par exemple pour l\u2019anglais)<\/li>\n<\/ul>\n<ul class=\"ul1\"><\/ul>\n<p>[\/et_pb_text][\/et_pb_column][et_pb_column type=\u00a0\u00bb1_3&Prime; _builder_version=\u00a0\u00bb4.19.4&Prime; _module_preset=\u00a0\u00bbdefault\u00a0\u00bb background_color=\u00a0\u00bbrgba(0,159,227,0.43)\u00a0\u00bb global_colors_info=\u00a0\u00bb{}\u00a0\u00bb][et_pb_text _builder_version=\u00a0\u00bb4.19.4&Prime; _module_preset=\u00a0\u00bbdefault\u00a0\u00bb custom_padding=\u00a0\u00bb20px|20px|20px|20px|false|false\u00a0\u00bb global_colors_info=\u00a0\u00bb{}\u00a0\u00bb]<\/p>\n<h4 class=\"p1\"><strong>En classe de terminale :<\/strong><\/h4>\n<ul class=\"ul1\">\n<li class=\"li1\"><span class=\"s3\"><\/span>2 enseignements de sp\u00e9cialit\u00e9s \u00e0 garder parmi les 3 choisis en classe de 1\u00e8re<\/li>\n<li class=\"li1\"><span class=\"s3\"><\/span>Option math\u00e9matiques expertes<\/li>\n<li class=\"li1\">Option math\u00e9matiques compl\u00e9mentaires<\/li>\n<li class=\"li1\"><span class=\"s3\"><\/span>Option latin<\/li>\n<li class=\"li1\"><span class=\"s3\"><\/span>Devoir sur table commun toutes les semaines<\/li>\n<li class=\"li1\"><span class=\"s3\"><\/span>Un bac blanc<\/li>\n<li class=\"li1\"><span class=\"s3\"><\/span>Pr\u00e9paration au grand oral<\/li>\n<li class=\"li1\"><span class=\"s3\"><\/span>Rencontre avec des anciens \u00e9l\u00e8ves pour \u00e9changer sur les poursuites d\u2019\u00e9tude<\/li>\n<li class=\"li1\"><span class=\"s3\"><\/span>Accompagnement par les professeurs principaux pour construire et affiner son projet d\u2019\u00e9tudes post bac<\/li>\n<\/ul>\n<p>[\/et_pb_text][\/et_pb_column][\/et_pb_row][et_pb_row _builder_version=\u00a0\u00bb4.27.4&Prime; _module_preset=\u00a0\u00bbdefault\u00a0\u00bb global_colors_info=\u00a0\u00bb{}\u00a0\u00bb][et_pb_column type=\u00a0\u00bb4_4&Prime; _builder_version=\u00a0\u00bb4.27.4&Prime; _module_preset=\u00a0\u00bbdefault\u00a0\u00bb global_colors_info=\u00a0\u00bb{}\u00a0\u00bb][et_pb_text _builder_version=\u00a0\u00bb4.27.4&Prime; _module_preset=\u00a0\u00bbdefault\u00a0\u00bb global_colors_info=\u00a0\u00bb{}\u00a0\u00bb]<\/p>\n<p>Pour l&rsquo;orientation, diff\u00e9rentes actions sont organis\u00e9es tout au long de l&rsquo;ann\u00e9e par l&rsquo;APEL et l&rsquo;\u00e9tablissement :<\/p>\n<ul>\n<li>conf\u00e9rence pour les parents et les jeunes<\/li>\n<li>forum des m\u00e9tiers<\/li>\n<li>Acc\u00e8s site Parcour\u00e9o<\/li>\n<\/ul>\n<p><a href=\"https:\/\/www.albert-le-grand.com\/wp-content\/uploads\/2025\/09\/2025-2026_Programme-jeudi-de-lorientation_ALG-2.pdf\">Lien vers le programme de l&rsquo;ann\u00e9e<\/a><\/p>\n<p>&nbsp;<\/p>\n<p>&nbsp;<\/p>\n<p>[\/et_pb_text][\/et_pb_column][\/et_pb_row][\/et_pb_section][et_pb_section fb_built=\u00a0\u00bb1&Prime; _builder_version=\u00a0\u00bb4.19.4&Prime; _module_preset=\u00a0\u00bbdefault\u00a0\u00bb background_color=\u00a0\u00bbrgba(0,159,227,0.43)\u00a0\u00bb custom_padding=\u00a0\u00bb0px||0px||false|false\u00a0\u00bb global_colors_info=\u00a0\u00bb{}\u00a0\u00bb][et_pb_row column_structure=\u00a0\u00bb1_2,1_2&Prime; _builder_version=\u00a0\u00bb4.19.4&Prime; _module_preset=\u00a0\u00bbdefault\u00a0\u00bb global_colors_info=\u00a0\u00bb{}\u00a0\u00bb][et_pb_column type=\u00a0\u00bb1_2&Prime; _builder_version=\u00a0\u00bb4.19.4&Prime; _module_preset=\u00a0\u00bbdefault\u00a0\u00bb global_colors_info=\u00a0\u00bb{}\u00a0\u00bb][et_pb_image src=\u00a0\u00bbhttps:\/\/albert-le-grand.com\/wp-content\/uploads\/2023\/01\/eleves2.png\u00a0\u00bb title_text=\u00a0\u00bbeleves2&Prime; _builder_version=\u00a0\u00bb4.19.4&Prime; _module_preset=\u00a0\u00bbdefault\u00a0\u00bb global_colors_info=\u00a0\u00bb{}\u00a0\u00bb][\/et_pb_image][\/et_pb_column][et_pb_column type=\u00a0\u00bb1_2&Prime; _builder_version=\u00a0\u00bb4.19.4&Prime; _module_preset=\u00a0\u00bbdefault\u00a0\u00bb global_colors_info=\u00a0\u00bb{}\u00a0\u00bb][et_pb_text _builder_version=\u00a0\u00bb4.25.1&Prime; _module_preset=\u00a0\u00bbdefault\u00a0\u00bb global_colors_info=\u00a0\u00bb{}\u00a0\u00bb]<\/p>\n<h4 class=\"p1\"><strong><span class=\"s1\"><\/span><\/strong><\/h4>\n<h4 class=\"p1\"><strong><span class=\"s1\">Les voyages scolaires :<\/span><\/strong><\/h4>\n<p class=\"p1\">\u2022 Voyage \u00e0 Paris en 2nde<span class=\"s3\"><sup><br \/><\/sup><\/span><span class=\"s2\"><\/span>\u2022 Voyage au ski \u00e0 Piau-Engaly en 1\u00e8re<span class=\"s3\"><sup><br \/><\/sup><\/span><span class=\"s2\"><\/span>\u2022 Voyage d\u2019int\u00e9gration\/stage sportif en terminale<\/p>\n<h4 class=\"p1\"><strong><span class=\"s1\">Les \u00e9tudes postbac de nos \u00e9l\u00e8ves\u00a0:<\/span><\/strong><\/h4>\n<p><span class=\"s2\"><\/span>\u2022 Universit\u00e9s (droit, lettres, langues, \u2026)<br \/><span class=\"s2\"><\/span>\u2022 CPGE<br \/><span class=\"s2\"><\/span>\u2022 Ecole d\u2019infirmiers<\/p>\n<ul>\n<li>Acc\u00e8s aux fili\u00e8res s\u00e9lectives universitaires (CMI, licence internationale, &#8230;)<br \/><span class=\"s2\"><\/span>\u2022 BUT (ex DUT)<br \/><span class=\"s2\"><\/span>\u2022 Institut Catholique<br \/><span class=\"s2\"><\/span>\u2022 Ecole d\u2019ing\u00e9nieurs<br \/><span class=\"s2\"><\/span>\u2022 Ecole de commerce et management<br \/><span class=\"s2\"><\/span>\u2022 BTS<br \/><span class=\"s2\"><\/span>\u2022 M\u00e9decine<\/li>\n<\/ul>\n<p>&nbsp;<\/p>\n<p>[\/et_pb_text][\/et_pb_column][\/et_pb_row][\/et_pb_section][et_pb_section fb_built=\u00a0\u00bb1&Prime; _builder_version=\u00a0\u00bb4.19.4&Prime; _module_preset=\u00a0\u00bbdefault\u00a0\u00bb global_colors_info=\u00a0\u00bb{}\u00a0\u00bb][et_pb_row column_structure=\u00a0\u00bb1_3,1_3,1_3&Prime; _builder_version=\u00a0\u00bb4.19.4&Prime; _module_preset=\u00a0\u00bbdefault\u00a0\u00bb global_colors_info=\u00a0\u00bb{}\u00a0\u00bb][et_pb_column type=\u00a0\u00bb1_3&Prime; _builder_version=\u00a0\u00bb4.19.4&Prime; _module_preset=\u00a0\u00bbdefault\u00a0\u00bb global_colors_info=\u00a0\u00bb{}\u00a0\u00bb][et_pb_text _builder_version=\u00a0\u00bb4.19.4&Prime; _module_preset=\u00a0\u00bbdefault\u00a0\u00bb global_colors_info=\u00a0\u00bb{}\u00a0\u00bb]<\/p>\n<h4 class=\"p1\"><strong><span class=\"s1\">Aide aux devoirs\u00a0:<\/span><\/strong><\/h4>\n<p class=\"p1\">Pour les \u00e9l\u00e8ves qui le souhaitent, l\u2019\u00e9tablissement travaille avec Parkours pour l\u2019aide aux devoirs.<\/p>\n<p class=\"p1\"><strong>Renseignements sur le site\u00a0: <a href=\"https:\/\/www.parkours.fr\/\"><span class=\"s2\">https:\/\/www.parkours.fr\/<\/span><\/a><\/strong><\/p>\n<p>[\/et_pb_text][et_pb_video src=\u00a0\u00bbhttps:\/\/albert-le-grand.com\/wp-content\/uploads\/2023\/01\/Parkours.mp4&Prime; _builder_version=\u00a0\u00bb4.19.4&Prime; _module_preset=\u00a0\u00bbdefault\u00a0\u00bb global_colors_info=\u00a0\u00bb{}\u00a0\u00bb][\/et_pb_video][\/et_pb_column][et_pb_column type=\u00a0\u00bb1_3&Prime; _builder_version=\u00a0\u00bb4.19.4&Prime; _module_preset=\u00a0\u00bbdefault\u00a0\u00bb global_colors_info=\u00a0\u00bb{}\u00a0\u00bb][et_pb_text _builder_version=\u00a0\u00bb4.19.4&Prime; _module_preset=\u00a0\u00bbdefault\u00a0\u00bb global_colors_info=\u00a0\u00bb{}\u00a0\u00bb]<\/p>\n<h4 class=\"p1\"><strong><span class=\"s1\">Activit\u00e9s p\u00e9ri-\u00e9ducatives pendant la pause d\u00e9jeuner\u00a0:<\/span><\/strong><\/h4>\n<ul class=\"ul1\">\n<li class=\"li1\"><span class=\"s3\"><\/span>Cin\u00e9-club<\/li>\n<li class=\"li1\"><span class=\"s3\"><\/span>Echecs<\/li>\n<\/ul>\n<p>[\/et_pb_text][et_pb_video src=\u00a0\u00bbhttps:\/\/albert-le-grand.com\/wp-content\/uploads\/2023\/01\/CINECLUB2022.mp4&Prime; _builder_version=\u00a0\u00bb4.19.4&Prime; _module_preset=\u00a0\u00bbdefault\u00a0\u00bb global_colors_info=\u00a0\u00bb{}\u00a0\u00bb][\/et_pb_video][et_pb_video _builder_version=\u00a0\u00bb4.19.4&Prime; _module_preset=\u00a0\u00bbdefault\u00a0\u00bb global_colors_info=\u00a0\u00bb{}\u00a0\u00bb][\/et_pb_video][\/et_pb_column][et_pb_column type=\u00a0\u00bb1_3&Prime; _builder_version=\u00a0\u00bb4.19.4&Prime; _module_preset=\u00a0\u00bbdefault\u00a0\u00bb global_colors_info=\u00a0\u00bb{}\u00a0\u00bb][et_pb_text _builder_version=\u00a0\u00bb4.27.4&Prime; _module_preset=\u00a0\u00bbdefault\u00a0\u00bb global_colors_info=\u00a0\u00bb{}\u00a0\u00bb]<\/p>\n<h4 class=\"p1\"><strong><span class=\"s1\">R\u00e9sultats au Baccalaur\u00e9at<\/span><\/strong><\/h4>\n<ul class=\"ul1\">\n<li class=\"li1\"><span class=\"s3\">Session 2025 : admis 95.7% &#8211; mention TB 13.6% (dont 1 f\u00e9licitation du jury), mention B 27.2%, mention AB 29.6%<\/span><\/li>\n<li class=\"li1\"><span class=\"s3\">Session 2024 : admis 97.5% &#8211; mention TB 10%, mention B 12.5%, mention AB 32.5%, sans mention 42.5%<\/span><\/li>\n<li class=\"li1\"><span class=\"s3\">Session 2023 : admis 100% &#8211; mention TB 14% (dont 1 f\u00e9licitations du jury), mention B 14%, mention AB 39%, sans mention 33%<\/span><\/li>\n<li class=\"li1\">Session 2022 : admis 100% &#8211; mention TB 12% (dont 2 f\u00e9licitations du jury), mention B 21%, mention AB 23%, sans mention 44%<\/li>\n<li class=\"li1\"><span class=\"s3\"><\/span>Session 2021\u00a0: admis 100% &#8211; mention TB 2%, mention B 32%, mention AB 44%, sans mention 22%<\/li>\n<\/ul>\n<p>[\/et_pb_text][\/et_pb_column][\/et_pb_row][\/et_pb_section]<\/p>\n","protected":false},"excerpt":{"rendered":"<p>Projet p\u00e9dagogique \u00a0 \u00a0 \u00a0 Vie spirituelle \u00a0 \u00a0 \u00a0 Vie culturelle \u00a0 \u00a0 \u00a0 Vie sportive \u00a0 \u00a0 \u00a0 Bien vivre le temps scolaire \u00a0 \u00a0 \u00a0 Les points forts \u00a0 \u00a0 \u00a0 Actualit\u00e9s&#8230;Projet p\u00e9dagogique du lyc\u00e9eLe lyc\u00e9e Albert le Grand est compos\u00e9 de 6 classes, soit 2 classes par niveau. Comme le reste [&hellip;]<\/p>\n","protected":false},"author":1,"featured_media":0,"parent":0,"menu_order":0,"comment_status":"closed","ping_status":"closed","template":"","meta":{"_et_pb_use_builder":"on","_et_pb_old_content":"<!-- wp:divi\/placeholder \/-->","_et_gb_content_width":"","footnotes":""},"class_list":["post-968","page","type-page","status-publish","hentry"],"_links":{"self":[{"href":"https:\/\/www.albert-le-grand.com\/index.php\/wp-json\/wp\/v2\/pages\/968","targetHints":{"allow":["GET"]}}],"collection":[{"href":"https:\/\/www.albert-le-grand.com\/index.php\/wp-json\/wp\/v2\/pages"}],"about":[{"href":"https:\/\/www.albert-le-grand.com\/index.php\/wp-json\/wp\/v2\/types\/page"}],"author":[{"embeddable":true,"href":"https:\/\/www.albert-le-grand.com\/index.php\/wp-json\/wp\/v2\/users\/1"}],"replies":[{"embeddable":true,"href":"https:\/\/www.albert-le-grand.com\/index.php\/wp-json\/wp\/v2\/comments?post=968"}],"version-history":[{"count":46,"href":"https:\/\/www.albert-le-grand.com\/index.php\/wp-json\/wp\/v2\/pages\/968\/revisions"}],"predecessor-version":[{"id":3007,"href":"https:\/\/www.albert-le-grand.com\/index.php\/wp-json\/wp\/v2\/pages\/968\/revisions\/3007"}],"wp:attachment":[{"href":"https:\/\/www.albert-le-grand.com\/index.php\/wp-json\/wp\/v2\/media?parent=968"}],"curies":[{"name":"wp","href":"https:\/\/api.w.org\/{rel}","templated":true}]}}